Last updated on 2025-04-30 12:49:03 CEST.
Flavor | Version | Tinstall | Tcheck | Ttotal | Status | Flags |
---|---|---|---|---|---|---|
r-devel-linux-x86_64-debian-clang | 0.1.4 | 22.65 | 19.27 | 41.92 | OK | |
r-devel-linux-x86_64-debian-gcc | 0.1.4 | 18.18 | 17.64 | 35.82 | OK | |
r-devel-linux-x86_64-fedora-clang | 0.1.4 | 68.26 | OK | |||
r-devel-linux-x86_64-fedora-gcc | 0.1.4 | 76.64 | OK | |||
r-devel-windows-x86_64 | 0.1.4 | 24.00 | 51.00 | 75.00 | OK | |
r-patched-linux-x86_64 | 0.1.4 | 21.88 | 21.04 | 42.92 | OK | |
r-release-linux-x86_64 | 0.1.4 | 22.39 | 21.11 | 43.50 | OK | |
r-release-macos-arm64 | 0.1.4 | 24.00 | OK | |||
r-release-macos-x86_64 | 0.1.4 | 50.00 | OK | |||
r-release-windows-x86_64 | 0.1.4 | 25.00 | 49.00 | 74.00 | OK | |
r-oldrel-macos-arm64 | 0.1.4 | 25.00 | NOTE | |||
r-oldrel-macos-x86_64 | 0.1.4 | 47.00 | NOTE | |||
r-oldrel-windows-x86_64 | 0.1.4 | 27.00 | 50.00 | 77.00 | OK |
Version: 0.1.4
Check: installed package size
Result: NOTE
installed size is 11.2Mb
sub-directories of 1Mb or more:
libs 11.1Mb
Flavors: r-oldrel-macos-arm64, r-oldrel-macos-x86_64