Last updated on 2024-04-20 12:50:57 CEST.
Flavor | Version | Tinstall | Tcheck | Ttotal | Status | Flags |
---|---|---|---|---|---|---|
r-devel-linux-x86_64-debian-clang | 2.2.1 | 6.22 | 46.69 | 52.91 | OK | |
r-devel-linux-x86_64-debian-gcc | 2.2.1 | 4.73 | 34.44 | 39.17 | OK | |
r-devel-linux-x86_64-fedora-clang | 2.2.1 | 64.13 | NOTE | |||
r-devel-linux-x86_64-fedora-gcc | 2.2.1 | 61.24 | NOTE | |||
r-prerel-macos-arm64 | 2.2.1 | 22.00 | OK | |||
r-prerel-windows-x86_64 | 2.2.1 | 7.00 | 53.00 | 60.00 | OK | |
r-patched-linux-x86_64 | 2.2.1 | 5.75 | 44.11 | 49.86 | OK | |
r-release-linux-x86_64 | 2.2.1 | 4.26 | 43.48 | 47.74 | OK | |
r-release-macos-arm64 | 2.2.1 | 24.00 | OK | |||
r-release-macos-x86_64 | 2.2.1 | 37.00 | OK | |||
r-release-windows-x86_64 | 2.2.1 | 9.00 | 57.00 | 66.00 | OK | |
r-oldrel-macos-arm64 | 2.2.1 | 24.00 | NOTE | |||
r-oldrel-windows-x86_64 | 2.2.1 | 10.00 | 63.00 | 73.00 | OK |
Version: 2.2.1
Check: dependencies in R code
Result: NOTE
Namespaces in Imports field not imported from:
‘base’ ‘data.table’
All declared Imports should be used.
Flavors: r-devel-linux-x86_64-fedora-clang, r-devel-linux-x86_64-fedora-gcc, r-oldrel-macos-arm64