CRAN Package Check Results for Package FUNTA

Last updated on 2025-02-04 03:49:48 CET.

Flavor Version Tinstall Tcheck Ttotal Status Flags
r-devel-linux-x86_64-debian-clang 0.1.0 1.78 16.54 18.32 OK
r-devel-linux-x86_64-debian-gcc 0.1.0 1.39 13.98 15.37 OK
r-devel-linux-x86_64-fedora-clang 0.1.0 30.21 OK
r-devel-linux-x86_64-fedora-gcc 0.1.0 28.04 OK
r-devel-windows-x86_64 0.1.0 3.00 35.00 38.00 OK
r-patched-linux-x86_64 0.1.0 1.86 15.92 17.78 NOTE
r-release-linux-x86_64 0.1.0 1.71 15.90 17.61 NOTE
r-release-macos-arm64 0.1.0 13.00 NOTE
r-release-macos-x86_64 0.1.0 21.00 NOTE
r-release-windows-x86_64 0.1.0 3.00 34.00 37.00 NOTE
r-oldrel-macos-arm64 0.1.0 15.00 NOTE
r-oldrel-macos-x86_64 0.1.0 18.00 NOTE
r-oldrel-windows-x86_64 0.1.0 7.00 35.00 42.00 NOTE

Check Details

Version: 0.1.0
Check: LazyData
Result: NOTE 'LazyData' is specified without a 'data' directory Flavors: r-patched-linux-x86_64, r-release-linux-x86_64, r-release-macos-arm64, r-release-macos-x86_64, r-release-windows-x86_64, r-oldrel-macos-arm64, r-oldrel-macos-x86_64, r-oldrel-windows-x86_64