CRAN Package Check Results for Package FSK2R

Last updated on 2022-01-22 11:50:59 CET.

Flavor Version Tinstall Tcheck Ttotal Status Flags
r-devel-linux-x86_64-debian-clang 0.1.2 8.94 92.81 101.75 NOTE
r-devel-linux-x86_64-debian-gcc 0.1.2 7.00 69.41 76.41 NOTE
r-devel-linux-x86_64-fedora-clang 0.1.2 128.02 NOTE
r-devel-linux-x86_64-fedora-gcc 0.1.2 108.08 NOTE
r-devel-windows-x86_64-new-UL 0.1.2 46.00 125.00 171.00 NOTE
r-devel-windows-x86_64-new-TK 0.1.2 NOTE
r-patched-linux-x86_64 0.1.2 7.73 85.18 92.91 NOTE
r-release-linux-x86_64 0.1.2 6.09 85.14 91.23 NOTE
r-release-macos-arm64 0.1.2 NOTE
r-release-macos-x86_64 0.1.2 NOTE
r-release-windows-ix86+x86_64 0.1.2 21.00 110.00 131.00 NOTE
r-oldrel-macos-x86_64 0.1.2 OK
r-oldrel-windows-ix86+x86_64 0.1.2 21.00 109.00 130.00 OK

Check Details

Version: 0.1.2
Check: LazyData
Result: NOTE
     'LazyData' is specified without a 'data' directory
Flavors: r-devel-linux-x86_64-debian-clang, r-devel-linux-x86_64-debian-gcc, r-devel-linux-x86_64-fedora-clang, r-devel-linux-x86_64-fedora-gcc, r-devel-windows-x86_64-new-UL, r-devel-windows-x86_64-new-TK, r-patched-linux-x86_64, r-release-linux-x86_64, r-release-macos-arm64, r-release-macos-x86_64, r-release-windows-ix86+x86_64