Last updated on 2023-09-26 21:14:45 CEST.
Flavor | Version | Tinstall | Tcheck | Ttotal | Status | Flags |
---|---|---|---|---|---|---|
r-devel-linux-x86_64-debian-clang | 0.1.2 | 27.63 | 67.05 | 94.68 | NOTE | |
r-devel-linux-x86_64-debian-gcc | 0.1.2 | 17.90 | 51.83 | 69.73 | NOTE | |
r-devel-linux-x86_64-fedora-clang | 0.1.2 | 129.43 | NOTE | |||
r-devel-linux-x86_64-fedora-gcc | 0.1.2 | 123.26 | NOTE | |||
r-devel-windows-x86_64 | 0.1.2 | 25.00 | 89.00 | 114.00 | NOTE | |
r-patched-linux-x86_64 | 0.1.2 | 29.25 | 65.88 | 95.13 | NOTE | |
r-release-linux-x86_64 | 0.1.2 | 28.42 | 66.77 | 95.19 | NOTE | |
r-release-macos-arm64 | 0.1.2 | 38.00 | NOTE | |||
r-release-macos-x86_64 | 0.1.2 | 63.00 | NOTE | |||
r-release-windows-x86_64 | 0.1.2 | 30.00 | 99.00 | 129.00 | NOTE | |
r-oldrel-macos-arm64 | 0.1.2 | 41.00 | OK | |||
r-oldrel-macos-x86_64 | 0.1.2 | 50.00 | OK | |||
r-oldrel-windows-x86_64 | 0.1.2 | 30.00 | 98.00 | 128.00 | OK |
Version: 0.1.2
Check: C++ specification
Result: NOTE
Specified C++11: please drop specification unless essential
Flavors: r-devel-linux-x86_64-debian-clang, r-devel-linux-x86_64-debian-gcc, r-devel-linux-x86_64-fedora-clang, r-devel-linux-x86_64-fedora-gcc, r-devel-windows-x86_64, r-patched-linux-x86_64, r-release-linux-x86_64, r-release-macos-arm64, r-release-macos-x86_64, r-release-windows-x86_64