CRAN Package Check Results for Package FSAdata

Last updated on 2020-08-08 06:47:17 CEST.

Flavor Version Tinstall Tcheck Ttotal Status Flags
r-devel-linux-x86_64-debian-clang 0.3.8 4.55 37.78 42.33 OK
r-devel-linux-x86_64-debian-gcc 0.3.8 4.05 28.58 32.63 OK
r-devel-linux-x86_64-fedora-clang 0.3.8 57.07 NOTE
r-devel-linux-x86_64-fedora-gcc 0.3.8 47.51 OK
r-devel-windows-ix86+x86_64 0.3.8 16.00 82.00 98.00 OK
r-patched-linux-x86_64 0.3.8 4.60 37.47 42.07 OK
r-patched-solaris-x86 0.3.8 65.80 OK
r-release-linux-x86_64 0.3.8 4.71 37.10 41.81 OK
r-release-macos-x86_64 0.3.8 OK
r-release-windows-ix86+x86_64 0.3.8 12.00 57.00 69.00 OK
r-oldrel-macos-x86_64 0.3.8 OK
r-oldrel-windows-ix86+x86_64 0.3.8 19.00 89.00 108.00 OK

Check Details

Version: 0.3.8
Check: Rd cross-references
Result: NOTE
    Undeclared package ‘FSA’ in Rd xrefs
Flavor: r-devel-linux-x86_64-fedora-clang