Last updated on 2022-05-20 12:53:24 CEST.
Flavor | Version | Tinstall | Tcheck | Ttotal | Status | Flags |
---|---|---|---|---|---|---|
r-devel-linux-x86_64-debian-clang | 3.3.1 | 126.55 | 233.72 | 360.27 | OK | |
r-devel-linux-x86_64-debian-gcc | 3.3.1 | 97.61 | 167.90 | 265.51 | OK | |
r-devel-linux-x86_64-fedora-clang | 3.4.2 | 462.20 | NOTE | |||
r-devel-windows-x86_64 | 3.4.2 | 116.00 | 265.00 | 381.00 | OK | |
r-patched-linux-x86_64 | 3.3.1 | 88.00 | 212.15 | 300.15 | OK | |
r-release-linux-x86_64 | 3.3.1 | 77.17 | 211.10 | 288.27 | OK | |
r-release-macos-arm64 | 3.3.1 | 97.00 | NOTE | |||
r-release-macos-x86_64 | 3.3.1 | 162.00 | NOTE | |||
r-release-windows-x86_64 | 3.3.1 | 152.00 | 245.00 | 397.00 | OK | |
r-oldrel-macos-arm64 | 3.4.2 | 105.00 | NOTE | |||
r-oldrel-macos-x86_64 | 3.3.1 | 139.00 | NOTE | |||
r-oldrel-windows-ix86+x86_64 | 3.3.1 | 257.00 | 273.00 | 530.00 | NOTE |
Version: 3.4.2
Check: installed package size
Result: NOTE
installed size is 7.8Mb
sub-directories of 1Mb or more:
doc 1.7Mb
libs 5.0Mb
Flavors: r-devel-linux-x86_64-fedora-clang, r-oldrel-macos-arm64
Version: 3.3.1
Check: installed package size
Result: NOTE
installed size is 9.2Mb
sub-directories of 1Mb or more:
doc 1.7Mb
libs 6.4Mb
Flavors: r-release-macos-arm64, r-release-macos-x86_64, r-oldrel-macos-x86_64, r-oldrel-windows-ix86+x86_64
Version: 3.3.1
Check: compiled code
Result: NOTE
File ‘FRESA.CAD/libs/FRESA.CAD.so’:
Found non-API call to R: ‘wilcox_free’
Compiled code should not call non-API entry points in R.
See ‘Writing portable packages’ in the ‘Writing R Extensions’ manual.
Flavor: r-oldrel-macos-x86_64