CRAN Package Check Results for Package FPLdata

Last updated on 2024-05-29 11:52:36 CEST.

Flavor Version Tinstall Tcheck Ttotal Status Flags
r-devel-linux-x86_64-debian-clang 0.1.0 1.44 20.85 22.29 OK
r-devel-linux-x86_64-debian-gcc 0.1.0 1.59 16.14 17.73 OK
r-devel-linux-x86_64-fedora-clang 0.1.0 28.72 NOTE
r-devel-linux-x86_64-fedora-gcc 0.1.0 27.59 NOTE
r-devel-windows-x86_64 0.1.0 3.00 37.00 40.00 OK
r-patched-linux-x86_64 0.1.0 1.77 20.39 22.16 OK
r-release-linux-x86_64 0.1.0 1.82 20.24 22.06 OK
r-release-macos-arm64 0.1.0 15.00 OK
r-release-windows-x86_64 0.1.0 3.00 35.00 38.00 OK
r-oldrel-macos-arm64 0.1.0 21.00 OK
r-oldrel-macos-x86_64 0.1.0 19.00 OK
r-oldrel-windows-x86_64 0.1.0 4.00 36.00 40.00 OK

Check Details

Version: 0.1.0
Check: dependencies in R code
Result: NOTE Namespace in Imports field not imported from: ‘dplyr’ All declared Imports should be used. Flavors: r-devel-linux-x86_64-fedora-clang, r-devel-linux-x86_64-fedora-gcc