Last updated on 2024-04-19 06:03:16 CEST.
Flavor | Version | Tinstall | Tcheck | Ttotal | Status | Flags |
---|---|---|---|---|---|---|
r-devel-linux-x86_64-debian-clang | 0.0.6 | 42.52 | 114.64 | 157.16 | NOTE | |
r-devel-linux-x86_64-debian-gcc | 0.0.6 | NOTE | ||||
r-devel-linux-x86_64-fedora-clang | 0.0.6 | 203.35 | NOTE | |||
r-devel-linux-x86_64-fedora-gcc | 0.0.6 | 221.64 | NOTE | |||
r-prerel-macos-arm64 | 0.0.6 | 55.00 | NOTE | |||
r-prerel-windows-x86_64 | 0.0.6 | 40.00 | 117.00 | 157.00 | NOTE | |
r-patched-linux-x86_64 | 0.0.6 | 48.72 | 111.85 | 160.57 | NOTE | |
r-release-linux-x86_64 | 0.0.6 | 54.86 | 107.54 | 162.40 | NOTE | |
r-release-macos-arm64 | 0.0.6 | 63.00 | NOTE | |||
r-release-macos-x86_64 | 0.0.6 | 102.00 | NOTE | |||
r-release-windows-x86_64 | 0.0.6 | 45.00 | 140.00 | 185.00 | NOTE | |
r-oldrel-macos-arm64 | 0.0.6 | 58.00 | NOTE | |||
r-oldrel-windows-x86_64 | 0.0.6 | 46.00 | 131.00 | 177.00 | NOTE |
Version: 0.0.6
Check: C++ specification
Result: NOTE
Specified C++11: please drop specification unless essential
Flavors: r-devel-linux-x86_64-debian-clang, r-devel-linux-x86_64-debian-gcc, r-devel-linux-x86_64-fedora-clang, r-devel-linux-x86_64-fedora-gcc, r-prerel-macos-arm64, r-prerel-windows-x86_64, r-patched-linux-x86_64, r-release-linux-x86_64, r-release-macos-arm64, r-release-macos-x86_64, r-release-windows-x86_64
Version: 0.0.6
Check: LazyData
Result: NOTE
'LazyData' is specified without a 'data' directory
Flavors: r-devel-linux-x86_64-debian-clang, r-devel-linux-x86_64-debian-gcc, r-devel-linux-x86_64-fedora-clang, r-devel-linux-x86_64-fedora-gcc, r-prerel-macos-arm64, r-prerel-windows-x86_64, r-patched-linux-x86_64, r-release-linux-x86_64, r-release-macos-arm64, r-release-macos-x86_64, r-release-windows-x86_64, r-oldrel-macos-arm64, r-oldrel-windows-x86_64
Version: 0.0.6
Check: dependencies in R code
Result: NOTE
Namespaces in Imports field not imported from:
‘MASS’ ‘XML’ ‘gglasso’ ‘methods’
All declared Imports should be used.
Flavors: r-devel-linux-x86_64-fedora-clang, r-devel-linux-x86_64-fedora-gcc
Version: 0.0.6
Check: installed package size
Result: NOTE
installed size is 12.5Mb
sub-directories of 1Mb or more:
libs 11.5Mb
Flavors: r-prerel-macos-arm64, r-release-macos-arm64, r-release-macos-x86_64, r-oldrel-macos-arm64