Last updated on 2024-04-20 05:58:52 CEST.
Flavor | Version | Tinstall | Tcheck | Ttotal | Status | Flags |
---|---|---|---|---|---|---|
r-devel-linux-x86_64-debian-clang | 3.6.2 | 62.83 | 495.26 | 558.09 | OK | |
r-devel-linux-x86_64-debian-gcc | 3.6.2 | 48.52 | 376.60 | 425.12 | OK | |
r-devel-linux-x86_64-fedora-clang | 3.6.2 | 739.89 | NOTE | |||
r-devel-linux-x86_64-fedora-gcc | 3.6.2 | 670.37 | OK | |||
r-prerel-macos-arm64 | 3.6.2 | 188.00 | NOTE | |||
r-prerel-macos-x86_64 | 3.6.2 | 283.00 | NOTE | |||
r-prerel-windows-x86_64 | 3.6.2 | 48.00 | 323.00 | 371.00 | NOTE | |
r-patched-linux-x86_64 | 3.6.2 | 62.72 | 480.23 | 542.95 | OK | |
r-release-linux-x86_64 | 3.6.2 | 47.08 | 487.49 | 534.57 | OK | |
r-release-macos-arm64 | 3.6.2 | 163.00 | NOTE | |||
r-release-macos-x86_64 | 3.6.2 | 308.00 | NOTE | |||
r-release-windows-x86_64 | 3.6.2 | 66.00 | 409.00 | 475.00 | NOTE | |
r-oldrel-macos-arm64 | 3.6.2 | 130.00 | NOTE | |||
r-oldrel-windows-x86_64 | 3.6.2 | 68.00 | 380.00 | 448.00 | NOTE |
Version: 3.6.2
Check: installed package size
Result: NOTE
installed size is 10.4Mb
sub-directories of 1Mb or more:
R 4.6Mb
doc 2.1Mb
extdata 2.1Mb
Flavors: r-devel-linux-x86_64-fedora-clang, r-prerel-macos-arm64, r-prerel-macos-x86_64, r-prerel-windows-x86_64, r-release-macos-arm64, r-release-macos-x86_64, r-release-windows-x86_64, r-oldrel-macos-arm64, r-oldrel-windows-x86_64