Last updated on 2024-04-24 06:19:14 CEST.
Flavor | Version | Tinstall | Tcheck | Ttotal | Status | Flags |
---|---|---|---|---|---|---|
r-devel-linux-x86_64-debian-clang | 0.1.0 | 50.45 | 238.98 | 289.43 | NOTE | |
r-devel-linux-x86_64-debian-gcc | 0.1.0 | 39.84 | 1275.29 | 1315.13 | NOTE | |
r-devel-linux-x86_64-fedora-clang | 0.1.0 | 443.45 | NOTE | |||
r-devel-linux-x86_64-fedora-gcc | 0.1.0 | 562.64 | NOTE | |||
r-prerel-macos-arm64 | 0.1.0 | 148.00 | NOTE | |||
r-prerel-windows-x86_64 | 0.1.0 | 38.00 | 238.00 | 276.00 | NOTE | |
r-patched-linux-x86_64 | 0.1.0 | 53.24 | 764.77 | 818.01 | NOTE | |
r-release-linux-x86_64 | 0.1.0 | 45.72 | 844.40 | 890.12 | NOTE | |
r-release-macos-arm64 | 0.1.0 | 168.00 | NOTE | |||
r-release-macos-x86_64 | 0.1.0 | 240.00 | NOTE | |||
r-release-windows-x86_64 | 0.1.0 | 50.00 | 282.00 | 332.00 | NOTE | |
r-oldrel-macos-arm64 | 0.1.0 | 148.00 | OK | |||
r-oldrel-windows-x86_64 | 0.1.0 | 48.00 | 279.00 | 327.00 | OK |
Version: 0.1.0
Check: C++ specification
Result: NOTE
Specified C++11: please drop specification unless essential
Flavors: r-devel-linux-x86_64-debian-clang, r-devel-linux-x86_64-debian-gcc, r-devel-linux-x86_64-fedora-clang, r-devel-linux-x86_64-fedora-gcc, r-prerel-macos-arm64, r-prerel-windows-x86_64, r-patched-linux-x86_64, r-release-linux-x86_64, r-release-macos-arm64, r-release-macos-x86_64, r-release-windows-x86_64