Last updated on 2025-02-04 03:49:48 CET.
Flavor | Version | Tinstall | Tcheck | Ttotal | Status | Flags |
---|---|---|---|---|---|---|
r-devel-linux-x86_64-debian-clang | 1.5.2 | 2.75 | 22.59 | 25.34 | NOTE | |
r-devel-linux-x86_64-debian-gcc | 1.5.2 | 2.01 | 18.20 | 20.21 | NOTE | |
r-devel-linux-x86_64-fedora-clang | 1.5.2 | 40.00 | NOTE | |||
r-devel-linux-x86_64-fedora-gcc | 1.5.2 | 37.33 | NOTE | |||
r-devel-windows-x86_64 | 1.5.2 | 4.00 | 41.00 | 45.00 | NOTE | |
r-patched-linux-x86_64 | 1.5.2 | 2.67 | 21.51 | 24.18 | NOTE | |
r-release-linux-x86_64 | 1.5.2 | 2.18 | 21.56 | 23.74 | NOTE | |
r-release-macos-arm64 | 1.5.2 | 15.00 | NOTE | |||
r-release-macos-x86_64 | 1.5.2 | 29.00 | NOTE | |||
r-release-windows-x86_64 | 1.5.2 | 3.00 | 39.00 | 42.00 | NOTE | |
r-oldrel-macos-arm64 | 1.5.2 | 16.00 | OK | |||
r-oldrel-macos-x86_64 | 1.5.2 | 44.00 | OK | |||
r-oldrel-windows-x86_64 | 1.5.2 | 5.00 | 41.00 | 46.00 | OK |
Version: 1.5.2
Check: Rd files
Result: NOTE
checkRd: (-1) FBN.histogramMaxima.Rd:21: Lost braces in \itemize; meant \describe ?
checkRd: (-1) FBN.histogramMaxima.Rd:22: Lost braces in \itemize; meant \describe ?
checkRd: (-1) FBN.histogramMaxima.Rd:23: Lost braces in \itemize; meant \describe ?
checkRd: (-1) FBN.histogramMaxima.Rd:24: Lost braces in \itemize; meant \describe ?
checkRd: (-1) FBN.kmeans.Rd:19: Lost braces in \itemize; meant \describe ?
checkRd: (-1) FBN.kmeans.Rd:20: Lost braces in \itemize; meant \describe ?
checkRd: (-1) FBN.kmeans.Rd:21: Lost braces in \itemize; meant \describe ?
checkRd: (-1) FBN.kmeans.Rd:22: Lost braces in \itemize; meant \describe ?
checkRd: (-1) FBNormalization.Rd:25: Lost braces in \itemize; meant \describe ?
checkRd: (-1) FBNormalization.Rd:26: Lost braces in \itemize; meant \describe ?
checkRd: (-1) FBNormalization.Rd:27: Lost braces in \itemize; meant \describe ?
checkRd: (-1) FBNormalization.Rd:28: Lost braces in \itemize; meant \describe ?
checkRd: (-1) FBNormalization.Rd:29: Lost braces in \itemize; meant \describe ?
checkRd: (-1) FBNormalization.Rd:34: Lost braces in \itemize; meant \describe ?
checkRd: (-1) FBNormalization.Rd:35: Lost braces in \itemize; meant \describe ?
checkRd: (-1) FBNormalization.Rd:36: Lost braces in \itemize; meant \describe ?
checkRd: (-1) FBNormalization.Rd:37: Lost braces in \itemize; meant \describe ?
checkRd: (-1) FBNormalization.Rd:38: Lost braces in \itemize; meant \describe ?
checkRd: (-1) FBNormalization.Rd:39: Lost braces in \itemize; meant \describe ?
checkRd: (-1) FBNormalization.Rd:40: Lost braces in \itemize; meant \describe ?
Flavors: r-devel-linux-x86_64-debian-clang, r-devel-linux-x86_64-debian-gcc, r-devel-linux-x86_64-fedora-clang, r-devel-linux-x86_64-fedora-gcc, r-devel-windows-x86_64, r-patched-linux-x86_64, r-release-linux-x86_64, r-release-macos-arm64, r-release-macos-x86_64, r-release-windows-x86_64