CRAN Package Check Results for Package FAOSTAT

Last updated on 2021-03-08 06:47:32 CET.

Flavor Version Tinstall Tcheck Ttotal Status Flags
r-devel-linux-x86_64-debian-clang 2.2.1 6.98 71.07 78.05 OK
r-devel-linux-x86_64-debian-gcc 2.2.1 5.17 52.66 57.83 OK
r-devel-linux-x86_64-fedora-clang 2.2.1 98.34 NOTE
r-devel-linux-x86_64-fedora-gcc 2.2.1 89.66 NOTE
r-devel-windows-ix86+x86_64 2.2.1 17.00 92.00 109.00 OK
r-devel-windows-x86_64-gcc10-UCRT 2.2.1 NOTE
r-patched-linux-x86_64 2.2.1 6.45 66.62 73.07 OK
r-patched-solaris-x86 2.2.1 128.20 NOTE
r-release-linux-x86_64 2.2.1 5.59 65.77 71.36 OK
r-release-macos-x86_64 2.2.1 NOTE
r-release-windows-ix86+x86_64 2.2.1 12.00 68.00 80.00 OK
r-oldrel-macos-x86_64 2.2.1 NOTE
r-oldrel-windows-ix86+x86_64 2.2.1 11.00 67.00 78.00 OK

Check Details

Version: 2.2.1
Check: data for non-ASCII characters
Result: NOTE
     Note: found 179 marked UTF-8 strings
Flavors: r-devel-linux-x86_64-fedora-clang, r-devel-linux-x86_64-fedora-gcc, r-devel-windows-x86_64-gcc10-UCRT, r-patched-solaris-x86, r-release-macos-x86_64, r-oldrel-macos-x86_64