Last updated on 2023-03-22 03:51:16 CET.
Flavor | Version | Tinstall | Tcheck | Ttotal | Status | Flags |
---|---|---|---|---|---|---|
r-devel-linux-x86_64-debian-clang | 2.2.4 | 7.62 | 72.37 | 79.99 | OK | |
r-devel-linux-x86_64-debian-gcc | 2.2.4 | 6.64 | 54.77 | 61.41 | OK | |
r-devel-linux-x86_64-fedora-clang | 2.2.4 | 106.99 | NOTE | |||
r-devel-linux-x86_64-fedora-gcc | 2.2.4 | 107.96 | NOTE | |||
r-devel-windows-x86_64 | 2.2.4 | 37.00 | 118.00 | 155.00 | OK | |
r-patched-linux-x86_64 | 2.2.4 | 7.52 | 70.23 | 77.75 | OK | |
r-release-linux-x86_64 | 2.2.4 | 7.57 | 71.05 | 78.62 | OK | |
r-release-macos-arm64 | 2.2.4 | 35.00 | OK | |||
r-release-macos-x86_64 | 2.2.4 | 47.00 | OK | |||
r-release-windows-x86_64 | 2.2.4 | 27.00 | 120.00 | 147.00 | OK | |
r-oldrel-macos-arm64 | 2.2.4 | 34.00 | OK | |||
r-oldrel-macos-x86_64 | 2.2.4 | 50.00 | OK | |||
r-oldrel-windows-ix86+x86_64 | 2.2.4 | 19.00 | 102.00 | 121.00 | OK |
Version: 2.2.4
Check: data for non-ASCII characters
Result: NOTE
Note: found 179 marked UTF-8 strings
Flavors: r-devel-linux-x86_64-fedora-clang, r-devel-linux-x86_64-fedora-gcc