Last updated on 2023-06-09 11:57:22 CEST.
Flavor | Version | Tinstall | Tcheck | Ttotal | Status | Flags |
---|---|---|---|---|---|---|
r-devel-linux-x86_64-debian-clang | 0.2.0 | 2.20 | 54.72 | 56.92 | NOTE | |
r-devel-linux-x86_64-debian-gcc | 0.2.0 | 1.87 | 42.27 | 44.14 | NOTE | |
r-devel-linux-x86_64-fedora-clang | 0.2.0 | 72.18 | NOTE | |||
r-devel-linux-x86_64-fedora-gcc | 0.2.0 | 79.89 | NOTE | |||
r-devel-windows-x86_64 | 0.2.0 | 4.00 | 73.00 | 77.00 | NOTE | |
r-patched-linux-x86_64 | 0.2.0 | 2.81 | 53.91 | 56.72 | NOTE | |
r-release-linux-x86_64 | 0.2.0 | 2.21 | 51.23 | 53.44 | NOTE | |
r-release-macos-arm64 | 0.2.0 | 35.00 | NOTE | |||
r-release-macos-x86_64 | 0.2.0 | 55.00 | NOTE | |||
r-release-windows-x86_64 | 0.2.0 | 5.00 | 76.00 | 81.00 | NOTE | |
r-oldrel-macos-arm64 | 0.2.0 | 28.00 | NOTE | |||
r-oldrel-macos-x86_64 | 0.2.0 | 50.00 | NOTE | |||
r-oldrel-windows-x86_64 | 0.2.0 | 5.00 | 77.00 | 82.00 | NOTE |
Version: 0.2.0
Check: LazyData
Result: NOTE
'LazyData' is specified without a 'data' directory
Flavors: r-devel-linux-x86_64-debian-clang, r-devel-linux-x86_64-debian-gcc, r-devel-linux-x86_64-fedora-clang, r-devel-linux-x86_64-fedora-gcc, r-devel-windows-x86_64, r-patched-linux-x86_64, r-release-linux-x86_64, r-release-macos-arm64, r-release-macos-x86_64, r-release-windows-x86_64, r-oldrel-macos-arm64, r-oldrel-macos-x86_64, r-oldrel-windows-x86_64