Last updated on 2024-04-23 05:58:10 CEST.
Flavor | Version | Tinstall | Tcheck | Ttotal | Status | Flags |
---|---|---|---|---|---|---|
r-devel-linux-x86_64-debian-clang | 0.1.3 | 14.34 | 146.98 | 161.32 | NOTE | |
r-devel-linux-x86_64-debian-gcc | 0.1.3 | 11.55 | 105.81 | 117.36 | NOTE | |
r-devel-linux-x86_64-fedora-clang | 0.1.3 | 199.71 | NOTE | |||
r-devel-linux-x86_64-fedora-gcc | 0.1.3 | 187.31 | NOTE | |||
r-prerel-macos-arm64 | 0.1.3 | 57.00 | NOTE | |||
r-prerel-windows-x86_64 | 0.1.3 | 13.00 | 121.00 | 134.00 | NOTE | |
r-patched-linux-x86_64 | 0.1.3 | 15.69 | 137.76 | 153.45 | NOTE | |
r-release-linux-x86_64 | 0.1.3 | 14.22 | 140.05 | 154.27 | OK | |
r-release-macos-arm64 | 0.1.3 | 64.00 | OK | |||
r-release-macos-x86_64 | 0.1.3 | 103.00 | OK | |||
r-release-windows-x86_64 | 0.1.3 | 18.00 | 155.00 | 173.00 | OK | |
r-oldrel-macos-arm64 | 0.1.3 | 63.00 | OK | |||
r-oldrel-windows-x86_64 | 0.1.3 | 19.00 | 145.00 | 164.00 | OK |
Version: 0.1.3
Check: Rd files
Result: NOTE
checkRd: (-1) dist.evaluate.core.Rd:26: Lost braces; missing escapes or markup?
26 | the \code{names} column in {data} as labels. If \code{NULL} (default),
| ^
Flavors: r-devel-linux-x86_64-debian-clang, r-devel-linux-x86_64-debian-gcc, r-devel-linux-x86_64-fedora-clang, r-devel-linux-x86_64-fedora-gcc, r-prerel-macos-arm64, r-prerel-windows-x86_64, r-patched-linux-x86_64