Last updated on 2023-03-28 12:54:39 CEST.
Flavor | Version | Tinstall | Tcheck | Ttotal | Status | Flags |
---|---|---|---|---|---|---|
r-devel-linux-x86_64-debian-clang | 3.0.2 | 24.33 | 52.31 | 76.64 | OK | |
r-devel-linux-x86_64-debian-gcc | 3.0.2 | 16.44 | 38.96 | 55.40 | OK | |
r-devel-linux-x86_64-fedora-clang | 3.0.2 | 106.51 | OK | |||
r-devel-linux-x86_64-fedora-gcc | 3.0.2 | 107.80 | OK | |||
r-devel-windows-x86_64 | 3.0.2 | 36.00 | 99.00 | 135.00 | NOTE | |
r-patched-linux-x86_64 | 3.0.2 | 21.45 | 49.43 | 70.88 | OK | |
r-release-linux-x86_64 | 3.0.2 | 17.82 | 53.48 | 71.30 | OK | |
r-release-macos-arm64 | 3.0.2 | 36.00 | OK | |||
r-release-macos-x86_64 | 3.0.2 | 54.00 | OK | |||
r-release-windows-x86_64 | 3.0.2 | 34.00 | 102.00 | 136.00 | NOTE | |
r-oldrel-macos-arm64 | 3.0.2 | 35.00 | OK | |||
r-oldrel-macos-x86_64 | 3.0.2 | 57.00 | OK | |||
r-oldrel-windows-ix86+x86_64 | 3.0.2 | 55.00 | 99.00 | 154.00 | NOTE |
Version: 3.0.2
Check: installed package size
Result: NOTE
installed size is 5.2Mb
sub-directories of 1Mb or more:
extdata 4.0Mb
libs 1.0Mb
Flavors: r-devel-windows-x86_64, r-release-windows-x86_64, r-oldrel-windows-ix86+x86_64