Last updated on 2024-04-19 11:56:44 CEST.
Flavor | Version | Tinstall | Tcheck | Ttotal | Status | Flags |
---|---|---|---|---|---|---|
r-devel-linux-x86_64-debian-clang | 3.0.2 | 26.77 | 57.06 | 83.83 | OK | |
r-devel-linux-x86_64-debian-gcc | 3.0.2 | OK | ||||
r-devel-linux-x86_64-fedora-clang | 3.0.2 | 110.38 | OK | |||
r-devel-linux-x86_64-fedora-gcc | 3.0.2 | 124.94 | OK | |||
r-prerel-macos-arm64 | 3.0.2 | 46.00 | OK | |||
r-prerel-macos-x86_64 | 3.0.2 | 75.00 | OK | |||
r-prerel-windows-x86_64 | 3.0.2 | 21.00 | 72.00 | 93.00 | NOTE | |
r-patched-linux-x86_64 | 3.0.2 | 24.08 | 53.51 | 77.59 | OK | |
r-release-linux-x86_64 | 3.0.2 | 22.46 | 49.44 | 71.90 | OK | |
r-release-macos-arm64 | 3.0.2 | 43.00 | OK | |||
r-release-macos-x86_64 | 3.0.2 | 63.00 | OK | |||
r-release-windows-x86_64 | 3.0.2 | 26.00 | 85.00 | 111.00 | NOTE | |
r-oldrel-macos-arm64 | 3.0.2 | 50.00 | OK | |||
r-oldrel-windows-x86_64 | 3.0.2 | 25.00 | 84.00 | 109.00 | NOTE |
Version: 3.0.2
Check: installed package size
Result: NOTE
installed size is 5.1Mb
sub-directories of 1Mb or more:
extdata 4.0Mb
Flavors: r-prerel-windows-x86_64, r-release-windows-x86_64, r-oldrel-windows-x86_64