Last updated on 2022-05-26 12:53:38 CEST.
Flavor | Version | Tinstall | Tcheck | Ttotal | Status | Flags |
---|---|---|---|---|---|---|
r-devel-linux-x86_64-debian-clang | 2.1.0 | 10.28 | 262.65 | 272.93 | OK | |
r-devel-linux-x86_64-debian-gcc | 2.1.0 | 9.06 | 228.68 | 237.74 | OK | |
r-devel-linux-x86_64-fedora-clang | 2.1.0 | 353.80 | NOTE | |||
r-devel-linux-x86_64-fedora-gcc | 2.1.0 | 330.11 | NOTE | |||
r-devel-windows-x86_64 | 2.1.0 | 102.00 | 344.00 | 446.00 | OK | |
r-patched-linux-x86_64 | 2.1.0 | 14.74 | 254.78 | 269.52 | OK | |
r-release-linux-x86_64 | 2.1.0 | OK | ||||
r-release-macos-arm64 | 2.1.0 | 105.00 | NOTE | |||
r-release-macos-x86_64 | 2.1.0 | 164.00 | NOTE | |||
r-release-windows-x86_64 | 2.1.0 | 97.00 | 362.00 | 459.00 | OK | |
r-oldrel-macos-arm64 | 2.1.0 | 122.00 | NOTE | |||
r-oldrel-macos-x86_64 | 2.1.0 | 182.00 | NOTE | |||
r-oldrel-windows-ix86+x86_64 | 2.1.0 | 23.00 | 350.00 | 373.00 | OK |
Version: 2.1.0
Check: dependencies in R code
Result: NOTE
Namespace in Imports field not imported from: ‘matrixStats’
All declared Imports should be used.
Flavors: r-devel-linux-x86_64-fedora-clang, r-devel-linux-x86_64-fedora-gcc, r-release-macos-arm64, r-release-macos-x86_64, r-oldrel-macos-arm64, r-oldrel-macos-x86_64