Last updated on 2023-12-11 06:48:20 CET.
Flavor | Version | Tinstall | Tcheck | Ttotal | Status | Flags |
---|---|---|---|---|---|---|
r-devel-linux-x86_64-debian-clang | 0.1.0 | 7.77 | 102.27 | 110.04 | NOTE | |
r-devel-linux-x86_64-debian-gcc | 0.1.0 | 6.21 | 79.35 | 85.56 | NOTE | |
r-devel-linux-x86_64-fedora-clang | 0.1.0 | 141.85 | NOTE | |||
r-devel-linux-x86_64-fedora-gcc | 0.1.0 | 143.59 | NOTE | |||
r-devel-windows-x86_64 | 0.1.0 | 7.00 | 88.00 | 95.00 | NOTE | |
r-patched-linux-x86_64 | 0.1.0 | 7.73 | 101.15 | 108.88 | NOTE | |
r-release-linux-x86_64 | 0.1.0 | 7.00 | 101.50 | 108.50 | NOTE | |
r-release-macos-arm64 | 0.1.0 | 43.00 | NOTE | |||
r-release-macos-x86_64 | 0.1.0 | 73.00 | NOTE | |||
r-release-windows-x86_64 | 0.1.0 | 9.00 | 107.00 | 116.00 | NOTE | |
r-oldrel-macos-arm64 | 0.1.0 | 39.00 | NOTE | |||
r-oldrel-macos-x86_64 | 0.1.0 | 57.00 | NOTE | |||
r-oldrel-windows-x86_64 | 0.1.0 | 10.00 | 110.00 | 120.00 | NOTE |
Version: 0.1.0
Check: LazyData
Result: NOTE
'LazyData' is specified without a 'data' directory
Flavors: r-devel-linux-x86_64-debian-clang, r-devel-linux-x86_64-debian-gcc, r-devel-linux-x86_64-fedora-clang, r-devel-linux-x86_64-fedora-gcc, r-devel-windows-x86_64, r-patched-linux-x86_64, r-release-linux-x86_64, r-release-macos-arm64, r-release-macos-x86_64, r-release-windows-x86_64, r-oldrel-macos-arm64, r-oldrel-macos-x86_64, r-oldrel-windows-x86_64