Last updated on 2024-03-29 06:56:25 CET.
Flavor | Version | Tinstall | Tcheck | Ttotal | Status | Flags |
---|---|---|---|---|---|---|
r-devel-linux-x86_64-debian-clang | 1.5.2 | 12.32 | 291.15 | 303.47 | OK | |
r-devel-linux-x86_64-debian-gcc | 1.5.2 | 9.76 | 206.98 | 216.74 | OK | |
r-devel-linux-x86_64-fedora-clang | 1.5.2 | 375.51 | NOTE | |||
r-devel-linux-x86_64-fedora-gcc | 1.5.2 | 403.11 | OK | |||
r-devel-windows-x86_64 | 1.5.2 | 13.00 | 339.00 | 352.00 | OK | |
r-patched-linux-x86_64 | 1.5.2 | 13.78 | 283.30 | 297.08 | OK | |
r-release-linux-x86_64 | 1.5.2 | 10.13 | 284.55 | 294.68 | OK | |
r-release-macos-arm64 | 1.5.2 | 170.00 | OK | |||
r-release-macos-x86_64 | 1.5.2 | 353.00 | OK | |||
r-release-windows-x86_64 | 1.5.2 | 17.00 | 372.00 | 389.00 | OK | |
r-oldrel-macos-arm64 | 1.5.2 | 164.00 | OK | |||
r-oldrel-windows-x86_64 | 1.5.2 | 17.00 | 375.00 | 392.00 | OK |
Version: 1.5.2
Check: installed package size
Result: NOTE
installed size is 5.7Mb
sub-directories of 1Mb or more:
libs 4.8Mb
Flavor: r-devel-linux-x86_64-fedora-clang