CRAN Package Check Results for Package EpiCurve

Last updated on 2022-06-26 12:54:46 CEST.

Flavor Version Tinstall Tcheck Ttotal Status Flags
r-devel-linux-x86_64-debian-clang 2.4-2 8.05 93.52 101.57 OK
r-devel-linux-x86_64-debian-gcc 2.4-2 5.35 69.54 74.89 OK
r-devel-linux-x86_64-fedora-clang 2.4-2 132.26 NOTE
r-devel-linux-x86_64-fedora-gcc 2.4-2 126.19 NOTE
r-devel-windows-x86_64 2.4-2 20.00 149.00 169.00 OK
r-patched-linux-x86_64 2.4-2 7.30 87.54 94.84 OK
r-release-linux-x86_64 2.4-2 5.14 86.18 91.32 OK
r-release-macos-arm64 2.4-2 37.00 NOTE
r-release-macos-x86_64 2.4-2 64.00 NOTE
r-release-windows-x86_64 2.4-2 9.00 158.00 167.00 OK
r-oldrel-macos-arm64 2.4-2 43.00 NOTE
r-oldrel-macos-x86_64 2.4-2 49.00 NOTE
r-oldrel-windows-ix86+x86_64 2.4-2 18.00 127.00 145.00 OK

Check Details

Version: 2.4-2
Check: dependencies in R code
Result: NOTE
    Namespace in Imports field not imported from: ‘tibble’
     All declared Imports should be used.
Flavors: r-devel-linux-x86_64-fedora-clang, r-devel-linux-x86_64-fedora-gcc, r-release-macos-arm64, r-release-macos-x86_64, r-oldrel-macos-arm64, r-oldrel-macos-x86_64