CRAN Package Check Results for Package EnvStats

Last updated on 2020-04-10 03:49:21 CEST.

Flavor Version Tinstall Tcheck Ttotal Status Flags
r-devel-linux-x86_64-debian-clang 2.3.1 63.64 502.15 565.79 OK
r-devel-linux-x86_64-debian-gcc 2.3.1 56.96 374.92 431.88 OK
r-devel-linux-x86_64-fedora-clang 2.3.1 669.54 NOTE
r-devel-linux-x86_64-fedora-gcc 2.3.1 708.36 OK
r-devel-windows-ix86+x86_64 2.3.1 93.00 451.00 544.00 NOTE
r-devel-windows-ix86+x86_64-gcc8 2.3.1 91.00 420.00 511.00 NOTE
r-patched-linux-x86_64 2.3.1 67.31 493.16 560.47 OK
r-patched-osx-x86_64 2.3.1 NOTE
r-patched-solaris-x86 2.3.1 672.10 NOTE
r-release-linux-x86_64 2.3.1 53.74 461.74 515.48 OK
r-release-windows-ix86+x86_64 2.3.1 82.00 534.00 616.00 NOTE
r-release-osx-x86_64 2.3.1 NOTE
r-oldrel-windows-ix86+x86_64 2.3.1 102.00 504.00 606.00 NOTE
r-oldrel-osx-x86_64 2.3.1 NOTE

Check Details

Version: 2.3.1
Check: installed package size
Result: NOTE
     installed size is 9.7Mb
     sub-directories of 1Mb or more:
     R 2.3Mb
     doc 3.3Mb
     help 3.4Mb
Flavors: r-devel-linux-x86_64-fedora-clang, r-devel-windows-ix86+x86_64, r-devel-windows-ix86+x86_64-gcc8, r-patched-osx-x86_64, r-patched-solaris-x86, r-release-windows-ix86+x86_64, r-release-osx-x86_64, r-oldrel-windows-ix86+x86_64, r-oldrel-osx-x86_64