Last updated on 2025-07-23 12:54:08 CEST.
Flavor | Version | Tinstall | Tcheck | Ttotal | Status | Flags |
---|---|---|---|---|---|---|
r-devel-linux-x86_64-debian-clang | 0.1.3 | 10.05 | 377.38 | 387.43 | NOTE | |
r-devel-linux-x86_64-debian-gcc | 0.1.3 | 7.21 | 226.87 | 234.08 | NOTE | |
r-devel-linux-x86_64-fedora-clang | 0.1.3 | 659.18 | NOTE | |||
r-devel-linux-x86_64-fedora-gcc | 0.1.3 | 616.34 | NOTE | |||
r-devel-windows-x86_64 | 0.1.3 | 10.00 | 366.00 | 376.00 | NOTE | |
r-patched-linux-x86_64 | 0.1.3 | 10.25 | 349.34 | 359.59 | NOTE | |
r-release-linux-x86_64 | 0.1.3 | 10.06 | 347.05 | 357.11 | NOTE | |
r-release-macos-arm64 | 0.1.3 | 159.00 | NOTE | |||
r-release-macos-x86_64 | 0.1.3 | 350.00 | NOTE | |||
r-release-windows-x86_64 | 0.1.3 | 11.00 | 372.00 | 383.00 | NOTE | |
r-oldrel-macos-arm64 | 0.1.3 | 142.00 | NOTE | |||
r-oldrel-macos-x86_64 | 0.1.3 | 246.00 | NOTE | |||
r-oldrel-windows-x86_64 | 0.1.3 | 15.00 | 538.00 | 553.00 | NOTE |
Version: 0.1.3
Check: Rd files
Result: NOTE
checkRd: (-1) metrics.Rd:124: Lost braces
124 | Avg = 0.5 (sum | P_i - Q_i| + max{ | P_i - Q_i |})
| ^
Flavors: r-devel-linux-x86_64-debian-clang, r-devel-linux-x86_64-debian-gcc, r-devel-linux-x86_64-fedora-clang, r-devel-linux-x86_64-fedora-gcc, r-devel-windows-x86_64, r-patched-linux-x86_64, r-release-linux-x86_64, r-release-macos-arm64, r-release-macos-x86_64, r-release-windows-x86_64, r-oldrel-macos-arm64, r-oldrel-macos-x86_64, r-oldrel-windows-x86_64