Last updated on 2024-04-18 06:09:45 CEST.
Flavor | Version | Tinstall | Tcheck | Ttotal | Status | Flags |
---|---|---|---|---|---|---|
r-devel-linux-x86_64-debian-clang | 1.0.4 | 16.26 | 149.29 | 165.55 | OK | |
r-devel-linux-x86_64-debian-gcc | 1.0.4 | 14.21 | 107.91 | 122.12 | OK | |
r-devel-linux-x86_64-fedora-clang | 1.0.4 | 200.95 | OK | |||
r-devel-linux-x86_64-fedora-gcc | 1.0.4 | 200.60 | OK | |||
r-prerel-macos-arm64 | 1.0.4 | 56.00 | NOTE | |||
r-prerel-windows-x86_64 | 1.0.4 | 16.00 | 116.00 | 132.00 | OK | |
r-patched-linux-x86_64 | 1.0.4 | 16.41 | 141.91 | 158.32 | OK | |
r-release-linux-x86_64 | 1.0.4 | 14.61 | 142.57 | 157.18 | OK | |
r-release-macos-arm64 | 1.0.4 | 59.00 | NOTE | |||
r-release-macos-x86_64 | 1.0.4 | 94.00 | NOTE | |||
r-release-windows-x86_64 | 1.0.4 | 21.00 | 145.00 | 166.00 | OK | |
r-oldrel-macos-arm64 | 1.0.4 | 41.00 | NOTE | |||
r-oldrel-windows-x86_64 | 1.0.4 | 22.00 | 146.00 | 168.00 | OK |
Version: 1.0.4
Check: package dependencies
Result: NOTE
Package suggested but not available for checking: ‘Rmpi’
Flavors: r-prerel-macos-arm64, r-release-macos-arm64, r-release-macos-x86_64, r-oldrel-macos-arm64