CRAN Package Check Results for Package EnergyOnlineCPM

Last updated on 2025-04-30 12:49:02 CEST.

Flavor Version Tinstall Tcheck Ttotal Status Flags
r-devel-linux-x86_64-debian-clang 1.0 2.14 23.59 25.73 NOTE
r-devel-linux-x86_64-debian-gcc 1.0 1.81 18.98 20.79 NOTE
r-devel-linux-x86_64-fedora-clang 1.0 41.29 OK
r-devel-linux-x86_64-fedora-gcc 1.0 39.21 OK
r-devel-windows-x86_64 1.0 3.00 46.00 49.00 OK
r-patched-linux-x86_64 1.0 2.05 22.53 24.58 OK
r-release-linux-x86_64 1.0 2.08 22.78 24.86 OK
r-release-macos-arm64 1.0 33.00 OK
r-release-macos-x86_64 1.0 53.00 OK
r-release-windows-x86_64 1.0 4.00 45.00 49.00 OK
r-oldrel-macos-arm64 1.0 30.00 OK
r-oldrel-macos-x86_64 1.0 45.00 OK
r-oldrel-windows-x86_64 1.0 4.00 45.00 49.00 OK

Check Details

Version: 1.0
Check: CRAN incoming feasibility
Result: NOTE Maintainer: ‘Yafei Xu <yafei.xu@hotmail.de>’ No Authors@R field in DESCRIPTION. Please add one, modifying Authors@R: person(given = "Yafei", family = "Xu", role = c("aut", "cre"), email = "yafei.xu@hotmail.de") as necessary. Flavors: r-devel-linux-x86_64-debian-clang, r-devel-linux-x86_64-debian-gcc