Last updated on 2024-04-19 21:56:27 CEST.
Flavor | Version | Tinstall | Tcheck | Ttotal | Status | Flags |
---|---|---|---|---|---|---|
r-devel-linux-x86_64-debian-clang | 2.1.2 | 27.47 | 69.28 | 96.75 | OK | |
r-devel-linux-x86_64-debian-gcc | 2.1.2 | OK | ||||
r-devel-linux-x86_64-fedora-clang | 2.1.2 | 138.30 | NOTE | |||
r-devel-linux-x86_64-fedora-gcc | 2.1.2 | 149.29 | NOTE | |||
r-prerel-macos-arm64 | 2.1.2 | 43.00 | OK | |||
r-prerel-windows-x86_64 | 2.1.2 | 24.00 | 173.00 | 197.00 | OK | |
r-patched-linux-x86_64 | 2.1.2 | 26.60 | 68.37 | 94.97 | OK | |
r-release-linux-x86_64 | 2.1.2 | 27.59 | 68.27 | 95.86 | OK | |
r-release-macos-arm64 | 2.1.2 | 50.00 | OK | |||
r-release-macos-x86_64 | 2.1.2 | 71.00 | OK | |||
r-release-windows-x86_64 | 2.1.2 | 28.00 | 140.00 | 168.00 | OK | |
r-oldrel-macos-arm64 | 2.1.2 | 47.00 | NOTE | |||
r-oldrel-windows-x86_64 | 2.1.2 | 27.00 | 133.00 | 160.00 | OK |
Version: 2.1.2
Check: dependencies in R code
Result: NOTE
Namespace in Imports field not imported from: ‘Matrix’
All declared Imports should be used.
Flavors: r-devel-linux-x86_64-fedora-clang, r-devel-linux-x86_64-fedora-gcc
Version: 2.1.2
Check: dependencies in R code
Result: NOTE
Namespaces in Imports field not imported from:
‘Matrix’ ‘Rtsne’ ‘uwot’
All declared Imports should be used.
Flavor: r-oldrel-macos-arm64