CRAN Package Check Results for Package EcoTroph

Last updated on 2021-03-06 06:47:23 CET.

Flavor Version Tinstall Tcheck Ttotal Status Flags
r-devel-linux-x86_64-debian-clang 1.6 5.62 52.15 57.77 NOTE
r-devel-linux-x86_64-debian-gcc 1.6 4.67 39.34 44.01 NOTE
r-devel-linux-x86_64-fedora-clang 1.6 78.71 NOTE
r-devel-linux-x86_64-fedora-gcc 1.6 69.74 NOTE
r-devel-windows-ix86+x86_64 1.6 9.00 67.00 76.00 NOTE
r-patched-linux-x86_64 1.6 NOTE
r-patched-solaris-x86 1.6 91.30 NOTE
r-release-linux-x86_64 1.6 6.47 48.82 55.29 NOTE
r-release-macos-x86_64 1.6 NOTE
r-release-windows-ix86+x86_64 1.6 11.00 70.00 81.00 NOTE
r-oldrel-macos-x86_64 1.6 NOTE
r-oldrel-windows-ix86+x86_64 1.6 7.00 46.00 53.00 NOTE

Check Details

Version: 1.6
Check: R code for possible problems
Result: NOTE
    plot.ETdiagnosis: no visible global function definition for 'par'
    plot.ETdiagnosis: no visible global function definition for 'lines'
    plot.ETdiagnosis: no visible global function definition for 'legend'
    plot.ETmain: no visible global function definition for 'par'
    plot.ETmain: no visible global function definition for 'polygon'
    plot.ETmain: no visible global function definition for 'axis'
    plot.ETmain: no visible global function definition for 'legend'
    plot.ETmain: no visible global function definition for 'lines'
    plot.Transpose: no visible global function definition for 'par'
    plot.Transpose: no visible global function definition for 'polygon'
    plot.Transpose: no visible global function definition for 'axis'
    plot.Transpose: no visible global function definition for 'legend'
    plot.smooth: no visible global function definition for 'lines'
    plot_ETdiagnosis_isopleth: no visible global function definition for
     'par'
    plot_ETdiagnosis_isopleth: no visible global function definition for
     'rainbow'
    plot_ETdiagnosis_isopleth: no visible global function definition for
     'filled.contour'
    regPB: no visible global function definition for 'coef'
    regPB: no visible global function definition for 'lm'
    regPB.ac: no visible global function definition for 'coef'
    regPB.ac: no visible global function definition for 'lm'
    regPB.ctsa: no visible global function definition for 'coef'
    regPB.ctsa: no visible global function definition for 'lm'
    Undefined global functions or variables:
     axis coef filled.contour legend lines lm par polygon rainbow
    Consider adding
     importFrom("grDevices", "rainbow")
     importFrom("graphics", "axis", "filled.contour", "legend", "lines",
     "par", "polygon")
     importFrom("stats", "coef", "lm")
    to your NAMESPACE file.
Flavors: r-devel-linux-x86_64-debian-clang, r-devel-linux-x86_64-debian-gcc, r-devel-linux-x86_64-fedora-clang, r-devel-linux-x86_64-fedora-gcc, r-devel-windows-ix86+x86_64, r-patched-linux-x86_64, r-patched-solaris-x86, r-release-linux-x86_64, r-release-macos-x86_64, r-release-windows-ix86+x86_64

Version: 1.6
Check: R code for possible problems
Result: NOTE
    plot.ETdiagnosis: no visible global function definition for ‘par’
    plot.ETdiagnosis: no visible global function definition for ‘plot’
    plot.ETdiagnosis: no visible global function definition for ‘lines’
    plot.ETdiagnosis: no visible global function definition for ‘legend’
    plot.ETmain: no visible global function definition for ‘par’
    plot.ETmain: no visible global function definition for ‘plot’
    plot.ETmain: no visible global function definition for ‘polygon’
    plot.ETmain: no visible global function definition for ‘axis’
    plot.ETmain: no visible global function definition for ‘legend’
    plot.ETmain: no visible global function definition for ‘lines’
    plot.Transpose: no visible global function definition for ‘par’
    plot.Transpose: no visible global function definition for ‘plot’
    plot.Transpose: no visible global function definition for ‘polygon’
    plot.Transpose: no visible global function definition for ‘axis’
    plot.Transpose: no visible global function definition for ‘legend’
    plot.smooth: no visible global function definition for ‘plot’
    plot.smooth: no visible global function definition for ‘lines’
    plot_ETdiagnosis_isopleth: no visible global function definition for
     ‘par’
    plot_ETdiagnosis_isopleth: no visible global function definition for
     ‘rainbow’
    plot_ETdiagnosis_isopleth: no visible global function definition for
     ‘filled.contour’
    regPB: no visible global function definition for ‘coef’
    regPB: no visible global function definition for ‘lm’
    regPB.ac: no visible global function definition for ‘coef’
    regPB.ac: no visible global function definition for ‘lm’
    regPB.ctsa: no visible global function definition for ‘coef’
    regPB.ctsa: no visible global function definition for ‘lm’
    Undefined global functions or variables:
     axis coef filled.contour legend lines lm par plot polygon rainbow
    Consider adding
     importFrom("grDevices", "rainbow")
     importFrom("graphics", "axis", "filled.contour", "legend", "lines",
     "par", "plot", "polygon")
     importFrom("stats", "coef", "lm")
    to your NAMESPACE file.
Flavors: r-oldrel-macos-x86_64, r-oldrel-windows-ix86+x86_64