Last updated on 2024-03-28 06:52:47 CET.
Flavor | Version | Tinstall | Tcheck | Ttotal | Status | Flags |
---|---|---|---|---|---|---|
r-devel-linux-x86_64-debian-clang | 0.4-2 | 11.44 | 74.06 | 85.50 | NOTE | |
r-devel-linux-x86_64-debian-gcc | 0.4-2 | 9.37 | 55.19 | 64.56 | NOTE | |
r-devel-linux-x86_64-fedora-clang | 0.4-2 | 112.36 | NOTE | |||
r-devel-linux-x86_64-fedora-gcc | 0.4-2 | 106.13 | NOTE | |||
r-devel-windows-x86_64 | 0.4-2 | 13.00 | 101.00 | 114.00 | NOTE | |
r-patched-linux-x86_64 | 0.4-2 | 24.75 | 73.53 | 98.28 | OK | |
r-release-linux-x86_64 | 0.4-2 | 11.10 | 74.62 | 85.72 | OK | |
r-release-macos-arm64 | 0.4-2 | 38.00 | OK | |||
r-release-macos-x86_64 | 0.4-2 | 58.00 | OK | |||
r-release-windows-x86_64 | 0.4-2 | 18.00 | 118.00 | 136.00 | OK | |
r-oldrel-macos-arm64 | 0.4-2 | 31.00 | OK | |||
r-oldrel-windows-x86_64 | 0.4-2 | 19.00 | 116.00 | 135.00 | OK |
Version: 0.4-2
Check: Rd files
Result: NOTE
checkRd: (-1) OCC1950.Rd:64: Lost braces
64 | \doi{10.18128/D010.V10.0}{IPUMS USA: Version 10.0 [dataset]. Minneapolis, MN: IPUMS}.
| ^
checkRd: (-1) Oil.Rd:45: Lost braces
45 | code{pt-pt-1} on a constant
| ^
checkRd: (-1) breaches.Rd:70-74: Lost braces
70 | \code{breach_end}{
| ^
checkRd: (-1) breaches.Rd:75-78: Lost braces
75 | \code{year}{
| ^
checkRd: (-1) nuclearWeaponStates.Rd:82-92: Lost braces in \itemize; meant \describe ?
checkRd: (-1) nuclearWeaponStates.Rd:93-103: Lost braces in \itemize; meant \describe ?
checkRd: (-1) nuclearWeaponStates.Rd:104-127: Lost braces in \itemize; meant \describe ?
checkRd: (-1) nuclearWeaponStates.Rd:128-140: Lost braces in \itemize; meant \describe ?
checkRd: (-1) nuclearWeaponStates.Rd:141-150: Lost braces in \itemize; meant \describe ?
checkRd: (-1) nuclearWeaponStates.Rd:151-161: Lost braces in \itemize; meant \describe ?
checkRd: (-1) nuclearWeaponStates.Rd:162-172: Lost braces in \itemize; meant \describe ?
checkRd: (-1) nuclearWeaponStates.Rd:173-191: Lost braces in \itemize; meant \describe ?
checkRd: (-1) nuclearWeaponStates.Rd:192-219: Lost braces in \itemize; meant \describe ?
Flavors: r-devel-linux-x86_64-debian-clang, r-devel-linux-x86_64-debian-gcc, r-devel-linux-x86_64-fedora-clang, r-devel-linux-x86_64-fedora-gcc, r-devel-windows-x86_64