Last updated on 2025-05-05 12:49:21 CEST.
Flavor | Version | Tinstall | Tcheck | Ttotal | Status | Flags |
---|---|---|---|---|---|---|
r-devel-linux-x86_64-debian-clang | 1.0 | 6.81 | 64.06 | 70.87 | NOTE | |
r-devel-linux-x86_64-debian-gcc | 1.0 | 5.86 | 49.15 | 55.01 | NOTE | |
r-devel-linux-x86_64-fedora-clang | 1.0 | 122.01 | OK | |||
r-devel-linux-x86_64-fedora-gcc | 1.0 | 104.49 | OK | |||
r-devel-windows-x86_64 | 1.0 | 8.00 | 79.00 | 87.00 | OK | |
r-patched-linux-x86_64 | 1.0 | 7.07 | 62.66 | 69.73 | OK | |
r-release-linux-x86_64 | 1.0 | 6.72 | 62.25 | 68.97 | OK | |
r-release-macos-arm64 | 1.0 | 55.00 | OK | |||
r-release-macos-x86_64 | 1.0 | 93.00 | OK | |||
r-release-windows-x86_64 | 1.0 | 9.00 | 80.00 | 89.00 | OK | |
r-oldrel-macos-arm64 | 1.0 | 32.00 | OK | |||
r-oldrel-macos-x86_64 | 1.0 | 51.00 | OK | |||
r-oldrel-windows-x86_64 | 1.0 | 10.00 | 93.00 | 103.00 | OK |
Version: 1.0
Check: CRAN incoming feasibility
Result: NOTE
Maintainer: ‘Huixia Judy Wang <judywang@gwu.edu>’
No Authors@R field in DESCRIPTION.
Please add one, modifying
Authors@R: person(given = c("Huixia", "Judy"),
family = "Wang",
role = c("aut", "cre"),
email = "judywang@gwu.edu")
as necessary.
Flavors: r-devel-linux-x86_64-debian-clang, r-devel-linux-x86_64-debian-gcc