CRAN Package Check Results for Package ERSA

Last updated on 2023-04-02 06:50:25 CEST.

Flavor Version Tinstall Tcheck Ttotal Status Flags
r-devel-linux-x86_64-debian-clang 0.1.3 8.95 78.16 87.11 NOTE
r-devel-linux-x86_64-debian-gcc 0.1.3 7.44 59.04 66.48 NOTE
r-devel-linux-x86_64-fedora-clang 0.1.3 109.24 NOTE
r-devel-linux-x86_64-fedora-gcc 0.1.3 112.77 NOTE
r-devel-windows-x86_64 0.1.3 14.00 104.00 118.00 NOTE
r-patched-linux-x86_64 0.1.3 8.14 73.60 81.74 NOTE
r-release-linux-x86_64 0.1.3 7.15 76.73 83.88 NOTE
r-release-macos-arm64 0.1.3 37.00 NOTE
r-release-macos-x86_64 0.1.3 59.00 NOTE
r-release-windows-x86_64 0.1.3 21.00 117.00 138.00 NOTE
r-oldrel-macos-arm64 0.1.3 48.00 NOTE
r-oldrel-macos-x86_64 0.1.3 58.00 NOTE
r-oldrel-windows-ix86+x86_64 0.1.3 21.00 104.00 125.00 NOTE

Check Details

Version: 0.1.3
Check: LazyData
Result: NOTE
     'LazyData' is specified without a 'data' directory
Flavors: r-devel-linux-x86_64-debian-clang, r-devel-linux-x86_64-debian-gcc, r-devel-linux-x86_64-fedora-clang, r-devel-linux-x86_64-fedora-gcc, r-devel-windows-x86_64, r-patched-linux-x86_64, r-release-linux-x86_64, r-release-macos-arm64, r-release-macos-x86_64, r-release-windows-x86_64, r-oldrel-macos-arm64, r-oldrel-macos-x86_64, r-oldrel-windows-ix86+x86_64