Last updated on 2023-02-07 21:54:14 CET.
Flavor | Version | Tinstall | Tcheck | Ttotal | Status | Flags |
---|---|---|---|---|---|---|
r-devel-linux-x86_64-debian-clang | 2.0.4 | 38.62 | 637.01 | 675.63 | OK | |
r-devel-linux-x86_64-debian-gcc | 2.0.4 | 26.55 | 446.40 | 472.95 | OK | |
r-devel-linux-x86_64-fedora-clang | 2.0.4 | 836.32 | NOTE | |||
r-devel-linux-x86_64-fedora-gcc | 2.0.4 | 800.55 | NOTE | |||
r-devel-windows-x86_64 | 2.0.4 | 92.00 | 614.00 | 706.00 | OK | |
r-patched-linux-x86_64 | 2.0.4 | 33.48 | 592.73 | 626.21 | OK | |
r-release-linux-x86_64 | 2.0.4 | 27.92 | 584.42 | 612.34 | OK | |
r-release-macos-arm64 | 2.0.4 | 175.00 | OK | |||
r-release-macos-x86_64 | 2.0.4 | 236.00 | OK | |||
r-release-windows-x86_64 | 2.0.4 | 102.00 | 597.00 | 699.00 | OK | |
r-oldrel-macos-arm64 | 2.0.4 | 179.00 | OK | |||
r-oldrel-macos-x86_64 | 2.0.4 | 230.00 | OK | |||
r-oldrel-windows-ix86+x86_64 | 2.0.4 | 84.00 | 633.00 | 717.00 | ERROR |
Version: 2.0.4
Check: data for non-ASCII characters
Result: NOTE
Note: found 2 marked UTF-8 strings
Flavors: r-devel-linux-x86_64-fedora-clang, r-devel-linux-x86_64-fedora-gcc
Version: 2.0.4
Check: PDF version of manual
Result: WARN
LaTeX errors when creating PDF version.
This typically indicates Rd problems.
LaTeX errors found:
! Package inputenc Error: Unicode char รข<c2><80><c2><90> (U+2010)
(inputenc) not set up for use with LaTeX.
See the inputenc package documentation for explanation.
Type H <return> for immediate help.
Flavor: r-oldrel-windows-ix86+x86_64
Version: 2.0.4
Check: PDF version of manual without hyperrefs or index
Result: ERROR
Flavor: r-oldrel-windows-ix86+x86_64