Last updated on 2022-05-27 12:53:13 CEST.
Flavor | Version | Tinstall | Tcheck | Ttotal | Status | Flags |
---|---|---|---|---|---|---|
r-devel-linux-x86_64-debian-clang | 0.1.3 | 59.48 | 99.89 | 159.37 | OK | |
r-devel-linux-x86_64-debian-gcc | 0.1.3 | 48.01 | 72.73 | 120.74 | OK | |
r-devel-linux-x86_64-fedora-clang | 0.1.3 | 228.45 | NOTE | |||
r-devel-linux-x86_64-fedora-gcc | 0.1.3 | 200.60 | OK | |||
r-devel-windows-x86_64 | 0.1.3 | 63.00 | 162.00 | 225.00 | OK | |
r-patched-linux-x86_64 | 0.1.3 | 54.54 | 94.03 | 148.57 | OK | |
r-release-linux-x86_64 | 0.1.3 | 50.72 | 93.43 | 144.15 | OK | |
r-release-macos-arm64 | 0.1.3 | 54.00 | NOTE | |||
r-release-macos-x86_64 | 0.1.3 | 87.00 | NOTE | |||
r-release-windows-x86_64 | 0.1.3 | 64.00 | 139.00 | 203.00 | OK | |
r-oldrel-macos-arm64 | 0.1.3 | 61.00 | NOTE | |||
r-oldrel-macos-x86_64 | 0.1.3 | 74.00 | NOTE | |||
r-oldrel-windows-ix86+x86_64 | 0.1.3 | 149.00 | 170.00 | 319.00 | NOTE |
Version: 0.1.3
Check: installed package size
Result: NOTE
installed size is 5.5Mb
sub-directories of 1Mb or more:
data 2.0Mb
libs 2.8Mb
Flavors: r-devel-linux-x86_64-fedora-clang, r-release-macos-arm64, r-release-macos-x86_64, r-oldrel-macos-arm64, r-oldrel-macos-x86_64, r-oldrel-windows-ix86+x86_64