CRAN Package Check Results for Package EML

Last updated on 2020-05-26 03:48:18 CEST.

Flavor Version Tinstall Tcheck Ttotal Status Flags
r-devel-linux-x86_64-debian-clang 2.0.2 11.48 105.83 117.31 OK
r-devel-linux-x86_64-debian-gcc 2.0.2 9.19 79.36 88.55 OK
r-devel-linux-x86_64-fedora-clang 2.0.2 116.42 OK
r-devel-linux-x86_64-fedora-gcc 2.0.2 110.80 OK
r-devel-windows-ix86+x86_64 2.0.2 32.00 150.00 182.00 OK --no-vignettes
r-patched-linux-x86_64 2.0.2 11.25 103.95 115.20 OK
r-patched-solaris-x86 2.0.2 149.00 OK
r-release-linux-x86_64 2.0.2 10.70 102.85 113.55 OK
r-release-osx-x86_64 2.0.2 OK
r-release-windows-ix86+x86_64 2.0.2 24.00 143.00 167.00 OK --no-vignettes
r-oldrel-osx-x86_64 2.0.2 NOTE
r-oldrel-windows-ix86+x86_64 2.0.2 23.00 138.00 161.00 OK --no-vignettes

Check Details

Version: 2.0.2
Check: package dependencies
Result: NOTE
    Package suggested but not available for checking: ‘taxadb’
Flavor: r-oldrel-osx-x86_64