CRAN Package Check Results for Package EMCluster

Last updated on 2022-01-29 06:49:32 CET.

Flavor Version Tinstall Tcheck Ttotal Status Flags
r-devel-linux-x86_64-debian-clang 0.2-13 23.51 93.49 117.00 NOTE
r-devel-linux-x86_64-debian-gcc 0.2-13 18.88 71.22 90.10 NOTE
r-devel-linux-x86_64-fedora-clang 0.2-13 142.66 NOTE
r-devel-linux-x86_64-fedora-gcc 0.2-13 131.79 NOTE
r-devel-windows-x86_64-new-UL 0.2-13 230.00 137.00 367.00 NOTE
r-devel-windows-x86_64-new-TK 0.2-13 NOTE
r-patched-linux-x86_64 0.2-13 19.83 86.72 106.55 NOTE
r-release-linux-x86_64 0.2-13 20.58 87.35 107.93 NOTE
r-release-macos-arm64 0.2-13 OK
r-release-macos-x86_64 0.2-13 OK
r-release-windows-ix86+x86_64 0.2-13 87.00 140.00 227.00 OK
r-oldrel-macos-x86_64 0.2-13 OK
r-oldrel-windows-ix86+x86_64 0.2-13 87.00 140.00 227.00 OK

Check Details

Version: 0.2-13
Check: package dependencies
Result: NOTE
    Package which this enhances but not available for checking: 'PPtree'
Flavors: r-devel-linux-x86_64-debian-clang, r-devel-linux-x86_64-debian-gcc, r-devel-linux-x86_64-fedora-clang, r-devel-linux-x86_64-fedora-gcc, r-devel-windows-x86_64-new-UL, r-devel-windows-x86_64-new-TK, r-patched-linux-x86_64, r-release-linux-x86_64