Last updated on 2025-02-22 21:51:10 CET.
Flavor | Version | Tinstall | Tcheck | Ttotal | Status | Flags |
---|---|---|---|---|---|---|
r-devel-linux-x86_64-debian-clang | 0.2.2 | 0.32 | 1.88 | 2.20 | ERROR | |
r-devel-linux-x86_64-debian-gcc | 0.2.2 | 44.96 | 355.91 | 400.87 | NOTE | |
r-devel-linux-x86_64-fedora-clang | 0.2.2 | 1001.11 | NOTE | |||
r-devel-linux-x86_64-fedora-gcc | 0.2.2 | 944.08 | NOTE | |||
r-devel-macos-arm64 | 0.2.2 | 5.00 | ERROR | |||
r-devel-macos-x86_64 | 0.2.2 | 7.00 | ERROR | |||
r-devel-windows-x86_64 | 0.2.2 | 58.00 | 405.00 | 463.00 | NOTE | |
r-patched-linux-x86_64 | 0.2.2 | 59.16 | 443.15 | 502.31 | NOTE | |
r-release-linux-x86_64 | 0.2.2 | 53.15 | 448.20 | 501.35 | NOTE | |
r-release-macos-arm64 | 0.2.2 | 11.00 | ERROR | |||
r-release-macos-x86_64 | 0.2.2 | 11.00 | ERROR | |||
r-release-windows-x86_64 | 0.2.2 | 54.00 | 390.00 | 444.00 | NOTE | |
r-oldrel-macos-arm64 | 0.2.2 | 10.00 | ERROR | |||
r-oldrel-macos-x86_64 | 0.2.2 | 11.00 | ERROR | |||
r-oldrel-windows-x86_64 | 0.2.2 | 78.00 | 537.00 | 615.00 | OK |
Version: 0.2.2
Check: package dependencies
Result: ERROR
Packages required but not available:
'minfi', 'IlluminaHumanMethylationEPICanno.ilm10b4.hg19',
'IlluminaHumanMethylation450kanno.ilmn12.hg19'
See section ‘The DESCRIPTION file’ in the ‘Writing R Extensions’
manual.
Flavors: r-devel-linux-x86_64-debian-clang, r-devel-macos-arm64, r-devel-macos-x86_64, r-oldrel-macos-arm64, r-oldrel-macos-x86_64
Version: 0.2.2
Check: Rd files
Result: NOTE
checkRd: (-1) Emas.Rd:55: Lost braces in \itemize; \value handles \item{}{} directly
checkRd: (-1) Emas.Rd:56: Lost braces in \itemize; \value handles \item{}{} directly
checkRd: (-1) Emas.Rd:57: Lost braces in \itemize; \value handles \item{}{} directly
checkRd: (-1) Emas.Rd:58: Lost braces in \itemize; \value handles \item{}{} directly
checkRd: (-1) Emas.Rd:59: Lost braces in \itemize; \value handles \item{}{} directly
checkRd: (-1) Emas.Rd:60: Lost braces in \itemize; \value handles \item{}{} directly
checkRd: (-1) Emas.Rd:61: Lost braces in \itemize; \value handles \item{}{} directly
checkRd: (-1) Emas.Rd:62: Lost braces in \itemize; \value handles \item{}{} directly
checkRd: (-1) Emas.Rd:63: Lost braces in \itemize; \value handles \item{}{} directly
checkRd: (-1) Emas.Rd:64: Lost braces in \itemize; \value handles \item{}{} directly
Flavors: r-devel-linux-x86_64-debian-gcc, r-devel-linux-x86_64-fedora-clang, r-devel-linux-x86_64-fedora-gcc, r-devel-windows-x86_64, r-patched-linux-x86_64, r-release-linux-x86_64, r-release-windows-x86_64
Version: 0.2.2
Check: Rd cross-references
Result: NOTE
Found the following Rd file(s) with Rd \link{} targets missing package
anchors:
EMAS.manhattan.Rd: manhattan
Emas.parallel.Rd: sem, lavaan
Please provide package anchors for all Rd \link{} targets not in the
package itself and the base packages.
Flavors: r-devel-linux-x86_64-debian-gcc, r-devel-windows-x86_64
Version: 0.2.2
Check: package dependencies
Result: ERROR
Packages required but not available:
'IlluminaHumanMethylationEPICanno.ilm10b4.hg19',
'IlluminaHumanMethylation450kanno.ilmn12.hg19'
See section ‘The DESCRIPTION file’ in the ‘Writing R Extensions’
manual.
Flavors: r-release-macos-arm64, r-release-macos-x86_64