Last updated on 2024-04-24 21:54:44 CEST.
Flavor | Version | Tinstall | Tcheck | Ttotal | Status | Flags |
---|---|---|---|---|---|---|
r-devel-linux-x86_64-debian-clang | 1.2.1 | 5.56 | 110.08 | 115.64 | OK | |
r-devel-linux-x86_64-debian-gcc | 1.2.1 | 5.52 | 84.64 | 90.16 | OK | |
r-devel-linux-x86_64-fedora-clang | 1.2.1 | 158.56 | NOTE | |||
r-devel-linux-x86_64-fedora-gcc | 1.2.1 | 163.05 | OK | |||
r-devel-windows-x86_64 | 1.2.1 | 9.00 | 115.00 | 124.00 | NOTE | |
r-patched-linux-x86_64 | 1.2.1 | 6.16 | 108.87 | 115.03 | OK | |
r-release-linux-x86_64 | 1.2.1 | 9.09 | 105.48 | 114.57 | OK | |
r-release-macos-arm64 | 1.2.1 | 63.00 | NOTE | |||
r-release-macos-x86_64 | 1.2.1 | 155.00 | NOTE | |||
r-release-windows-x86_64 | 1.2.1 | 9.00 | 114.00 | 123.00 | NOTE | |
r-oldrel-macos-arm64 | 1.1.4 | 61.00 | NOTE | |||
r-oldrel-macos-x86_64 | 1.2.1 | 124.00 | NOTE | |||
r-oldrel-windows-x86_64 | 1.2.1 | 11.00 | 138.00 | 149.00 | NOTE |
Version: 1.2.1
Check: installed package size
Result: NOTE
installed size is 10.4Mb
sub-directories of 1Mb or more:
doc 5.1Mb
extdata 5.1Mb
Flavors: r-devel-linux-x86_64-fedora-clang, r-devel-windows-x86_64, r-release-macos-arm64, r-release-macos-x86_64, r-release-windows-x86_64, r-oldrel-macos-x86_64, r-oldrel-windows-x86_64
Version: 1.1.4
Check: installed package size
Result: NOTE
installed size is 11.5Mb
sub-directories of 1Mb or more:
doc 6.1Mb
extdata 5.1Mb
Flavor: r-oldrel-macos-arm64