Last updated on 2023-03-20 12:51:08 CET.
Flavor | Version | Tinstall | Tcheck | Ttotal | Status | Flags |
---|---|---|---|---|---|---|
r-devel-linux-x86_64-debian-clang | 1.1.4 | OK | ||||
r-devel-linux-x86_64-debian-gcc | 1.1.4 | 7.14 | 83.77 | 90.91 | OK | |
r-devel-linux-x86_64-fedora-clang | 1.1.4 | 146.54 | NOTE | |||
r-devel-linux-x86_64-fedora-gcc | 1.1.4 | 149.23 | OK | |||
r-devel-windows-x86_64 | 1.1.4 | 142.00 | 158.00 | 300.00 | NOTE | |
r-patched-linux-x86_64 | 1.1.4 | 6.71 | 103.89 | 110.60 | OK | |
r-release-linux-x86_64 | 1.1.4 | 8.96 | 103.64 | 112.60 | OK | |
r-release-macos-arm64 | 1.1.4 | 61.00 | NOTE | |||
r-release-macos-x86_64 | 1.1.4 | 83.00 | NOTE | |||
r-release-windows-x86_64 | 1.1.4 | 92.00 | 173.00 | 265.00 | NOTE | |
r-oldrel-macos-arm64 | 1.1.4 | 259.00 | NOTE | |||
r-oldrel-macos-x86_64 | 1.1.4 | 87.00 | NOTE | |||
r-oldrel-windows-ix86+x86_64 | 1.1.4 | 19.00 | 248.00 | 267.00 | NOTE |
Version: 1.1.4
Check: installed package size
Result: NOTE
installed size is 11.5Mb
sub-directories of 1Mb or more:
doc 6.1Mb
extdata 5.1Mb
Flavors: r-devel-linux-x86_64-fedora-clang, r-devel-windows-x86_64, r-release-macos-arm64, r-release-macos-x86_64, r-release-windows-x86_64, r-oldrel-macos-arm64, r-oldrel-macos-x86_64, r-oldrel-windows-ix86+x86_64
Version: 1.1.4
Check: package dependencies
Result: NOTE
Package suggested but not available for checking: ‘BiocStyle’
Flavor: r-oldrel-macos-arm64