CRAN Package Check Results for Package EGRETci

Last updated on 2022-05-20 12:53:23 CEST.

Flavor Version Tinstall Tcheck Ttotal Status Flags
r-devel-linux-x86_64-debian-clang 2.0.4 4.63 61.68 66.31 OK
r-devel-linux-x86_64-debian-gcc 2.0.4 4.08 46.00 50.08 OK
r-devel-linux-x86_64-fedora-clang 2.0.4 79.45 OK
r-devel-windows-x86_64 2.0.4 23.00 87.00 110.00 OK
r-patched-linux-x86_64 2.0.4 10.55 57.96 68.51 OK
r-release-linux-x86_64 2.0.4 3.69 57.04 60.73 OK
r-release-macos-arm64 2.0.4 32.00 ERROR
r-release-macos-x86_64 2.0.4 41.00 OK
r-release-windows-x86_64 2.0.4 22.00 85.00 107.00 OK
r-oldrel-macos-arm64 2.0.4 34.00 ERROR
r-oldrel-macos-x86_64 2.0.4 48.00 OK
r-oldrel-windows-ix86+x86_64 2.0.4 13.00 75.00 88.00 OK

Check Details

Version: 2.0.4
Check: tests
Result: ERROR
     Running ‘testthat.R’ [1s/1s]
    Running the tests in ‘tests/testthat.R’ failed.
    Last 13 lines of output:
     > library(EGRETci)
     > test_check("EGRETci")
     [ FAIL 1 | WARN 0 | SKIP 10 | PASS 16 ]
    
     ══ Skipped tests ═══════════════════════════════════════════════════════════════
     • On CRAN (10)
    
     ══ Failed tests ════════════════════════════════════════════════════════════════
     ── Failure (tests_boot_tests.R:112:3): paVector ────────────────────────────────
     `paIndexWinter` not equal to 11:13.
     Lengths differ: 4 is not 3
    
     [ FAIL 1 | WARN 0 | SKIP 10 | PASS 16 ]
     Error: Test failures
     Execution halted
Flavors: r-release-macos-arm64, r-oldrel-macos-arm64