CRAN Package Check Results for Package EFA.MRFA

Last updated on 2023-03-28 12:54:39 CEST.

Flavor Version Tinstall Tcheck Ttotal Status Flags
r-devel-linux-x86_64-debian-clang 1.1.2 4.16 43.71 47.87 OK
r-devel-linux-x86_64-debian-gcc 1.1.2 3.57 32.58 36.15 OK
r-devel-linux-x86_64-fedora-clang 1.1.2 58.53 NOTE
r-devel-linux-x86_64-fedora-gcc 1.1.2 58.93 NOTE
r-patched-linux-x86_64 1.1.2 4.92 41.85 46.77 OK
r-release-linux-x86_64 1.1.2 4.30 42.83 47.13 OK
r-release-macos-arm64 1.1.2 22.00 NOTE
r-release-macos-x86_64 1.1.2 35.00 NOTE
r-release-windows-x86_64 1.1.2 18.00 75.00 93.00 OK
r-oldrel-macos-arm64 1.1.2 28.00 NOTE
r-oldrel-macos-x86_64 1.1.2 28.00 NOTE
r-oldrel-windows-ix86+x86_64 1.1.2 8.00 68.00 76.00 OK

Check Details

Version: 1.1.2
Check: dependencies in R code
Result: NOTE
    Namespace in Imports field not imported from: ‘PCovR’
     All declared Imports should be used.
Flavors: r-devel-linux-x86_64-fedora-clang, r-devel-linux-x86_64-fedora-gcc, r-release-macos-arm64, r-release-macos-x86_64, r-oldrel-macos-arm64, r-oldrel-macos-x86_64