Last updated on 2025-04-17 12:49:22 CEST.
Flavor | Version | Tinstall | Tcheck | Ttotal | Status | Flags |
---|---|---|---|---|---|---|
r-devel-linux-x86_64-debian-clang | 0.1.0 | 6.38 | 55.97 | 62.35 | OK | |
r-devel-linux-x86_64-debian-gcc | 0.1.0 | 3.97 | 38.25 | 42.22 | OK | |
r-devel-linux-x86_64-fedora-clang | 0.1.0 | 97.08 | OK | |||
r-devel-linux-x86_64-fedora-gcc | 0.1.0 | 93.95 | OK | |||
r-devel-windows-x86_64 | 0.1.0 | 8.00 | 67.00 | 75.00 | OK | |
r-patched-linux-x86_64 | 0.1.0 | 5.95 | 52.33 | 58.28 | OK | |
r-release-linux-x86_64 | 0.1.0 | 5.92 | 51.41 | 57.33 | OK | |
r-release-macos-arm64 | 0.1.0 | 39.00 | OK | |||
r-release-macos-x86_64 | 0.1.0 | 101.00 | OK | |||
r-release-windows-x86_64 | 0.1.0 | 8.00 | 68.00 | 76.00 | OK | |
r-oldrel-macos-arm64 | 0.1.0 | 31.00 | NOTE | |||
r-oldrel-macos-x86_64 | 0.1.0 | 45.00 | NOTE | |||
r-oldrel-windows-x86_64 | 0.1.0 | 10.00 | 78.00 | 88.00 | NOTE |
Version: 0.1.0
Check: LazyData
Result: NOTE
'LazyData' is specified without a 'data' directory
Flavors: r-oldrel-macos-arm64, r-oldrel-macos-x86_64, r-oldrel-windows-x86_64