Last updated on 2024-04-26 06:49:40 CEST.
Flavor | Version | Tinstall | Tcheck | Ttotal | Status | Flags |
---|---|---|---|---|---|---|
r-devel-linux-x86_64-debian-clang | 0.5.5 | 15.10 | 41.00 | 56.10 | NOTE | |
r-devel-linux-x86_64-debian-gcc | 0.5.5 | 11.30 | 31.79 | 43.09 | NOTE | |
r-devel-linux-x86_64-fedora-clang | 0.5.5 | 72.10 | NOTE | |||
r-devel-linux-x86_64-fedora-gcc | 0.5.5 | 83.78 | NOTE | |||
r-devel-windows-x86_64 | 0.5.5 | 36.00 | 58.00 | 94.00 | NOTE | |
r-patched-linux-x86_64 | 0.5.5 | 13.23 | 40.10 | 53.33 | NOTE | |
r-release-linux-x86_64 | 0.5.5 | 13.22 | 38.83 | 52.05 | NOTE | |
r-release-macos-arm64 | 0.5.5 | 34.00 | NOTE | |||
r-release-macos-x86_64 | 0.5.5 | 94.00 | NOTE | |||
r-release-windows-x86_64 | 0.5.5 | 35.00 | 57.00 | 92.00 | NOTE | |
r-oldrel-macos-arm64 | 0.5.5 | 35.00 | NOTE | |||
r-oldrel-macos-x86_64 | 0.5.5 | 89.00 | NOTE | |||
r-oldrel-windows-x86_64 | 0.5.5 | 36.00 | 62.00 | 98.00 | NOTE |
Version: 0.5.5
Check: for GNU extensions in Makefiles
Result: NOTE
GNU make is a SystemRequirements.
Flavors: r-devel-linux-x86_64-debian-clang, r-devel-linux-x86_64-debian-gcc, r-devel-linux-x86_64-fedora-clang, r-devel-linux-x86_64-fedora-gcc, r-devel-windows-x86_64, r-patched-linux-x86_64, r-release-linux-x86_64, r-release-macos-arm64, r-release-macos-x86_64, r-release-windows-x86_64, r-oldrel-macos-arm64, r-oldrel-macos-x86_64, r-oldrel-windows-x86_64