Last updated on 2023-03-26 03:50:09 CEST.
Flavor | Version | Tinstall | Tcheck | Ttotal | Status | Flags |
---|---|---|---|---|---|---|
r-devel-linux-x86_64-debian-clang | 0.2.3 | 43.45 | 243.57 | 287.02 | NOTE | |
r-devel-linux-x86_64-debian-gcc | 0.2.3 | 28.82 | 183.38 | 212.20 | NOTE | |
r-devel-linux-x86_64-fedora-gcc | 0.2.3 | 355.69 | NOTE | |||
r-devel-windows-x86_64 | 0.2.3 | 58.00 | 313.00 | 371.00 | NOTE | |
r-patched-linux-x86_64 | 0.2.3 | 36.98 | 236.75 | 273.73 | NOTE | |
r-release-linux-x86_64 | 0.2.3 | 35.39 | 233.43 | 268.82 | NOTE | |
r-release-macos-arm64 | 0.2.3 | 77.00 | NOTE | |||
r-release-macos-x86_64 | 0.2.3 | 117.00 | NOTE | |||
r-release-windows-x86_64 | 0.2.3 | 48.00 | 316.00 | 364.00 | NOTE | |
r-oldrel-macos-arm64 | 0.2.3 | 93.00 | NOTE | |||
r-oldrel-macos-x86_64 | 0.2.3 | 145.00 | NOTE | |||
r-oldrel-windows-ix86+x86_64 | 0.2.3 | 92.00 | 449.00 | 541.00 | NOTE |
Version: 0.2.3
Check: LazyData
Result: NOTE
'LazyData' is specified without a 'data' directory
Flavors: r-devel-linux-x86_64-debian-clang, r-devel-linux-x86_64-debian-gcc, r-devel-linux-x86_64-fedora-gcc, r-devel-windows-x86_64, r-patched-linux-x86_64, r-release-linux-x86_64, r-release-macos-arm64, r-release-macos-x86_64, r-release-windows-x86_64, r-oldrel-macos-arm64, r-oldrel-macos-x86_64, r-oldrel-windows-ix86+x86_64