CRAN Package Check Results for Package E4tools

Last updated on 2022-09-28 06:54:06 CEST.

Flavor Version Tinstall Tcheck Ttotal Status Flags
r-devel-linux-x86_64-debian-clang 0.1.1 5.46 54.25 59.71 NOTE
r-devel-linux-x86_64-debian-gcc 0.1.1 4.57 40.62 45.19 NOTE
r-devel-linux-x86_64-fedora-clang 0.1.1 83.80 NOTE
r-devel-linux-x86_64-fedora-gcc 0.1.1 78.27 NOTE
r-devel-windows-x86_64 0.1.1 85.00 93.00 178.00 NOTE
r-patched-linux-x86_64 0.1.1 4.65 51.27 55.92 NOTE
r-release-linux-x86_64 0.1.1 4.37 50.91 55.28 NOTE
r-release-macos-arm64 0.1.1 30.00 NOTE
r-release-macos-x86_64 0.1.1 42.00 NOTE
r-release-windows-x86_64 0.1.1 56.00 93.00 149.00 NOTE
r-oldrel-macos-arm64 0.1.1 33.00 NOTE
r-oldrel-macos-x86_64 0.1.1 49.00 NOTE
r-oldrel-windows-ix86+x86_64 0.1.1 13.00 83.00 96.00 NOTE

Check Details

Version: 0.1.1
Check: LazyData
Result: NOTE
     'LazyData' is specified without a 'data' directory
Flavors: r-devel-linux-x86_64-debian-clang, r-devel-linux-x86_64-debian-gcc, r-devel-linux-x86_64-fedora-clang, r-devel-linux-x86_64-fedora-gcc, r-devel-windows-x86_64, r-patched-linux-x86_64, r-release-linux-x86_64, r-release-macos-arm64, r-release-macos-x86_64, r-release-windows-x86_64, r-oldrel-macos-arm64, r-oldrel-macos-x86_64, r-oldrel-windows-ix86+x86_64

Version: 0.1.1
Check: installed package size
Result: NOTE
     installed size is 5.1Mb
     sub-directories of 1Mb or more:
     extdata 4.8Mb
Flavor: r-devel-linux-x86_64-fedora-clang

Version: 0.1.1
Check: dependencies in R code
Result: NOTE
    Namespace in Imports field not imported from: ‘hms’
     All declared Imports should be used.
Flavors: r-devel-linux-x86_64-fedora-clang, r-devel-linux-x86_64-fedora-gcc, r-release-macos-arm64, r-release-macos-x86_64, r-oldrel-macos-arm64, r-oldrel-macos-x86_64