Last updated on 2023-09-29 12:56:56 CEST.
Flavor | Version | Tinstall | Tcheck | Ttotal | Status | Flags |
---|---|---|---|---|---|---|
r-devel-linux-x86_64-debian-clang | 0.1.1 | 5.95 | 51.29 | 57.24 | NOTE | |
r-devel-linux-x86_64-debian-gcc | 0.1.1 | 4.12 | 39.87 | 43.99 | NOTE | |
r-devel-linux-x86_64-fedora-clang | 0.1.1 | 70.99 | NOTE | |||
r-devel-linux-x86_64-fedora-gcc | 0.1.1 | 78.86 | NOTE | |||
r-devel-windows-x86_64 | 0.1.1 | 7.00 | 67.00 | 74.00 | NOTE | |
r-patched-linux-x86_64 | 0.1.1 | 3.62 | 49.05 | 52.67 | NOTE | |
r-release-linux-x86_64 | 0.1.1 | 3.45 | 49.33 | 52.78 | NOTE | |
r-release-macos-arm64 | 0.1.1 | 36.00 | NOTE | |||
r-release-macos-x86_64 | 0.1.1 | 50.00 | NOTE | |||
r-release-windows-x86_64 | 0.1.1 | 8.00 | 71.00 | 79.00 | NOTE | |
r-oldrel-macos-arm64 | 0.1.1 | 30.00 | NOTE | |||
r-oldrel-macos-x86_64 | 0.1.1 | 42.00 | NOTE | |||
r-oldrel-windows-x86_64 | 0.1.1 | 9.00 | 78.00 | 87.00 | NOTE |
Version: 0.1.1
Check: LazyData
Result: NOTE
'LazyData' is specified without a 'data' directory
Flavors: r-devel-linux-x86_64-debian-clang, r-devel-linux-x86_64-debian-gcc, r-devel-linux-x86_64-fedora-clang, r-devel-linux-x86_64-fedora-gcc, r-devel-windows-x86_64, r-patched-linux-x86_64, r-release-linux-x86_64, r-release-macos-arm64, r-release-macos-x86_64, r-release-windows-x86_64, r-oldrel-macos-arm64, r-oldrel-macos-x86_64, r-oldrel-windows-x86_64
Version: 0.1.1
Check: installed package size
Result: NOTE
installed size is 5.1Mb
sub-directories of 1Mb or more:
extdata 4.8Mb
Flavor: r-devel-linux-x86_64-fedora-clang
Version: 0.1.1
Check: dependencies in R code
Result: NOTE
Namespace in Imports field not imported from: ‘hms’
All declared Imports should be used.
Flavors: r-devel-linux-x86_64-fedora-clang, r-devel-linux-x86_64-fedora-gcc, r-oldrel-macos-arm64, r-oldrel-macos-x86_64