Last updated on 2023-04-01 11:51:25 CEST.
Flavor | Version | Tinstall | Tcheck | Ttotal | Status | Flags |
---|---|---|---|---|---|---|
r-devel-linux-x86_64-debian-clang | 4.11 | 35.75 | 128.89 | 164.64 | OK | |
r-devel-linux-x86_64-debian-gcc | 4.11 | 27.26 | 96.59 | 123.85 | OK | |
r-devel-linux-x86_64-fedora-clang | 4.11 | 201.09 | OK | |||
r-devel-linux-x86_64-fedora-gcc | 4.11 | 193.14 | OK | |||
r-devel-windows-x86_64 | 4.11 | 62.00 | 188.00 | 250.00 | OK | |
r-patched-linux-x86_64 | 4.11 | 31.83 | 121.52 | 153.35 | OK | |
r-release-linux-x86_64 | 4.11 | 31.13 | 110.00 | 141.13 | WARN | |
r-release-macos-arm64 | 4.11 | 48.00 | WARN | |||
r-release-macos-x86_64 | 4.11 | 68.00 | WARN | |||
r-release-windows-x86_64 | 4.11 | 321.00 | 150.00 | 471.00 | WARN | |
r-oldrel-macos-arm64 | 4.11 | 54.00 | WARN | |||
r-oldrel-macos-x86_64 | 4.11 | 69.00 | WARN | |||
r-oldrel-windows-ix86+x86_64 | 4.11 | 56.00 | 121.00 | 177.00 | WARN |
Version: 4.11
Check: for code/documentation mismatches
Result: WARN
Codoc mismatches from documentation object ‘IQLearnFS_VHet-methods’:
\S4method{qqplot}{IQLearnFS_VHet}
Code: function(x, y, plot.it = TRUE, xlab = deparse1(substitute(x)),
ylab = deparse1(substitute(y)), ...)
Docs: function(x, y, plot.it = TRUE, xlab = deparse1(substitute(x)),
ylab = deparse1(substitute(y)), ..., conf.level =
NULL, conf.args = list(exact = NULL, simulate.p.value
= FALSE, B = 2000, col = NA, border = NULL))
Argument names in docs not in code:
conf.level conf.args
Flavors: r-release-linux-x86_64, r-release-macos-arm64, r-release-macos-x86_64, r-release-windows-x86_64, r-oldrel-macos-arm64, r-oldrel-macos-x86_64, r-oldrel-windows-ix86+x86_64