Last updated on 2024-03-29 06:56:25 CET.
Flavor | Version | Tinstall | Tcheck | Ttotal | Status | Flags |
---|---|---|---|---|---|---|
r-devel-linux-x86_64-debian-clang | 0.2.2 | 101.92 | 60.00 | 161.92 | NOTE | |
r-devel-linux-x86_64-debian-gcc | 0.2.2 | 68.56 | 45.51 | 114.07 | NOTE | |
r-devel-linux-x86_64-fedora-clang | 0.2.2 | 234.02 | NOTE | |||
r-devel-linux-x86_64-fedora-gcc | 0.2.2 | 245.91 | NOTE | |||
r-devel-windows-x86_64 | 0.2.2 | 74.00 | 110.00 | 184.00 | NOTE | |
r-patched-linux-x86_64 | 0.2.2 | 83.46 | 59.55 | 143.01 | NOTE | |
r-release-linux-x86_64 | 0.2.2 | 92.78 | 58.19 | 150.97 | NOTE | |
r-release-macos-arm64 | 0.2.2 | 65.00 | NOTE | |||
r-release-macos-x86_64 | 0.2.2 | 102.00 | NOTE | |||
r-release-windows-x86_64 | 0.2.2 | 90.00 | 120.00 | 210.00 | NOTE | |
r-oldrel-macos-arm64 | 0.2.2 | 58.00 | NOTE | |||
r-oldrel-windows-x86_64 | 0.2.2 | 91.00 | 119.00 | 210.00 | NOTE |
Version: 0.2.2
Check: C++ specification
Result: NOTE
Specified C++11: please drop specification unless essential
Flavors: r-devel-linux-x86_64-debian-clang, r-devel-linux-x86_64-debian-gcc, r-devel-linux-x86_64-fedora-clang, r-devel-linux-x86_64-fedora-gcc, r-devel-windows-x86_64, r-patched-linux-x86_64, r-release-linux-x86_64, r-release-macos-arm64, r-release-macos-x86_64, r-release-windows-x86_64
Version: 0.2.2
Check: LazyData
Result: NOTE
'LazyData' is specified without a 'data' directory
Flavors: r-devel-linux-x86_64-debian-clang, r-devel-linux-x86_64-debian-gcc, r-devel-linux-x86_64-fedora-clang, r-devel-linux-x86_64-fedora-gcc, r-devel-windows-x86_64, r-patched-linux-x86_64, r-release-linux-x86_64, r-release-macos-arm64, r-release-macos-x86_64, r-release-windows-x86_64, r-oldrel-macos-arm64, r-oldrel-windows-x86_64