Last updated on 2023-03-23 03:53:18 CET.
Flavor | Version | Tinstall | Tcheck | Ttotal | Status | Flags |
---|---|---|---|---|---|---|
r-devel-linux-x86_64-debian-clang | 0.12 | 20.47 | 145.65 | 166.12 | OK | |
r-devel-linux-x86_64-debian-gcc | 0.12 | 17.95 | 107.32 | 125.27 | OK | |
r-devel-linux-x86_64-fedora-clang | 0.12 | 208.17 | OK | |||
r-devel-linux-x86_64-fedora-gcc | 0.12 | 192.08 | OK | |||
r-devel-windows-x86_64 | 0.12 | 87.00 | 207.00 | 294.00 | OK | |
r-patched-linux-x86_64 | 0.12 | 16.00 | 133.27 | 149.27 | OK | |
r-release-linux-x86_64 | 0.12 | 20.07 | 131.66 | 151.73 | OK | |
r-release-macos-arm64 | 0.12 | 47.00 | OK | |||
r-release-macos-x86_64 | 0.12 | 98.00 | OK | |||
r-release-windows-x86_64 | 0.12 | 85.00 | 304.00 | 389.00 | OK | |
r-oldrel-macos-arm64 | 0.12 | 55.00 | OK | |||
r-oldrel-macos-x86_64 | 0.12 | 92.00 | OK | |||
r-oldrel-windows-ix86+x86_64 | 0.12 | 36.00 | 170.00 | 206.00 | NOTE |
Version: 0.12
Check: R code for possible problems
Result: NOTE
Initiating curl with CURL_SSL_BACKEND: openssl
Flavor: r-oldrel-windows-ix86+x86_64