Last updated on 2023-09-29 12:56:55 CEST.
Flavor | Version | Tinstall | Tcheck | Ttotal | Status | Flags |
---|---|---|---|---|---|---|
r-devel-linux-x86_64-debian-clang | 1.2-2 | 17.36 | 134.31 | 151.67 | NOTE | |
r-devel-linux-x86_64-debian-gcc | 1.2-2 | 14.24 | 98.47 | 112.71 | NOTE | |
r-devel-linux-x86_64-fedora-clang | 1.2-2 | 183.94 | NOTE | |||
r-devel-linux-x86_64-fedora-gcc | 1.2-2 | 181.02 | NOTE | |||
r-devel-windows-x86_64 | 1.2-2 | 17.00 | 117.00 | 134.00 | NOTE | |
r-patched-linux-x86_64 | 1.2-2 | 24.11 | 130.74 | 154.85 | OK | |
r-release-linux-x86_64 | 1.2-2 | 20.53 | 130.67 | 151.20 | OK | |
r-release-macos-arm64 | 1.2-2 | 47.00 | OK | |||
r-release-macos-x86_64 | 1.2-2 | 149.00 | OK | |||
r-release-windows-x86_64 | 1.2-2 | 21.00 | 140.00 | 161.00 | OK | |
r-oldrel-macos-arm64 | 1.2-2 | 62.00 | OK | |||
r-oldrel-macos-x86_64 | 1.2-2 | 64.00 | OK | |||
r-oldrel-windows-x86_64 | 1.2-2 | 22.00 | 145.00 | 167.00 | OK |
Version: 1.2-2
Check: Rd \usage sections
Result: NOTE
Objects in \usage without \alias in documentation object 'utilities':
‘generators.character’
Functions with \usage entries need to have the appropriate \alias
entries, and all their arguments documented.
The \usage entries must correspond to syntactically valid R code.
See chapter ‘Writing R documentation files’ in the ‘Writing R
Extensions’ manual.
Flavors: r-devel-linux-x86_64-debian-clang, r-devel-linux-x86_64-debian-gcc, r-devel-linux-x86_64-fedora-clang, r-devel-linux-x86_64-fedora-gcc, r-devel-windows-x86_64