Last updated on 2024-04-23 12:49:25 CEST.
Flavor | Version | Tinstall | Tcheck | Ttotal | Status | Flags |
---|---|---|---|---|---|---|
r-devel-linux-x86_64-debian-clang | 1.0-1 | 6.89 | 58.15 | 65.04 | NOTE | |
r-devel-linux-x86_64-debian-gcc | 1.0-1 | 6.03 | 41.87 | 47.90 | NOTE | |
r-devel-linux-x86_64-fedora-clang | 1.0-1 | 80.15 | NOTE | |||
r-devel-linux-x86_64-fedora-gcc | 1.0-1 | 76.38 | NOTE | |||
r-prerel-macos-arm64 | 1.0-1 | 25.00 | NOTE | |||
r-prerel-windows-x86_64 | 1.0-1 | 7.00 | 61.00 | 68.00 | NOTE | |
r-patched-linux-x86_64 | 1.0-1 | 8.45 | 54.64 | 63.09 | NOTE | |
r-release-linux-x86_64 | 1.0-1 | 6.74 | 56.66 | 63.40 | NOTE | |
r-release-macos-arm64 | 1.0-1 | 27.00 | NOTE | |||
r-release-macos-x86_64 | 1.0-1 | 60.00 | NOTE | |||
r-release-windows-x86_64 | 1.0-1 | 9.00 | 71.00 | 80.00 | NOTE | |
r-oldrel-macos-arm64 | 1.0-1 | 24.00 | NOTE | |||
r-oldrel-windows-x86_64 | 1.0-1 | 9.00 | 73.00 | 82.00 | NOTE |
Version: 1.0-1
Check: package dependencies
Result: NOTE
Package which this enhances but not available for checking: ‘gurobi’
Flavors: r-devel-linux-x86_64-debian-clang, r-devel-linux-x86_64-debian-gcc, r-devel-linux-x86_64-fedora-clang, r-devel-linux-x86_64-fedora-gcc, r-prerel-macos-arm64, r-prerel-windows-x86_64, r-patched-linux-x86_64, r-release-linux-x86_64, r-release-macos-arm64, r-release-macos-x86_64, r-release-windows-x86_64, r-oldrel-macos-arm64, r-oldrel-windows-x86_64