Last updated on 2023-10-04 20:42:25 CEST.
Flavor | Version | Tinstall | Tcheck | Ttotal | Status | Flags |
---|---|---|---|---|---|---|
r-devel-linux-x86_64-debian-clang | 1.0-1 | 6.18 | 58.13 | 64.31 | NOTE | |
r-devel-linux-x86_64-debian-gcc | 1.0-1 | 5.92 | 43.39 | 49.31 | NOTE | |
r-devel-linux-x86_64-fedora-clang | 1.0-1 | 78.94 | NOTE | |||
r-devel-linux-x86_64-fedora-gcc | 1.0-1 | 77.65 | NOTE | |||
r-devel-windows-x86_64 | 1.0-1 | 7.00 | 64.00 | 71.00 | NOTE | |
r-patched-linux-x86_64 | 1.0-1 | 10.05 | 56.73 | 66.78 | NOTE | |
r-release-linux-x86_64 | 1.0-1 | 6.63 | 56.15 | 62.78 | NOTE | |
r-release-macos-arm64 | 1.0-1 | 27.00 | NOTE | |||
r-release-macos-x86_64 | 1.0-1 | 60.00 | NOTE | |||
r-release-windows-x86_64 | 1.0-1 | 15.00 | 69.00 | 84.00 | NOTE | |
r-oldrel-macos-arm64 | 1.0-1 | 24.00 | NOTE | |||
r-oldrel-macos-x86_64 | 1.0-1 | 41.00 | NOTE | |||
r-oldrel-windows-x86_64 | 1.0-1 | 11.00 | 72.00 | 83.00 | NOTE |
Version: 1.0-1
Check: package dependencies
Result: NOTE
Package which this enhances but not available for checking: ‘gurobi’
Flavors: r-devel-linux-x86_64-debian-clang, r-devel-linux-x86_64-debian-gcc, r-devel-linux-x86_64-fedora-clang, r-devel-linux-x86_64-fedora-gcc, r-devel-windows-x86_64, r-patched-linux-x86_64, r-release-linux-x86_64, r-release-macos-arm64, r-release-macos-x86_64, r-release-windows-x86_64, r-oldrel-macos-arm64, r-oldrel-macos-x86_64, r-oldrel-windows-x86_64