CRAN Package Check Results for Package DistributionUtils

Last updated on 2024-05-23 21:50:40 CEST.

Flavor Version Tinstall Tcheck Ttotal Status Flags
r-devel-linux-x86_64-debian-clang 0.6-1 5.12 36.33 41.45 NOTE
r-devel-linux-x86_64-debian-gcc 0.6-1 3.72 27.21 30.93 NOTE
r-devel-linux-x86_64-fedora-clang 0.6-1 51.40 NOTE
r-devel-linux-x86_64-fedora-gcc 0.6-1 48.50 NOTE
r-devel-windows-x86_64 0.6-1 7.00 55.00 62.00 NOTE
r-patched-linux-x86_64 0.6-1 5.07 34.75 39.82 NOTE
r-release-linux-x86_64 0.6-1 4.60 35.42 40.02 NOTE
r-release-macos-arm64 0.6-1 19.00 NOTE
r-release-windows-x86_64 0.6-1 6.00 54.00 60.00 NOTE
r-oldrel-macos-arm64 0.6-1 23.00 OK
r-oldrel-macos-x86_64 0.6-1 58.00 OK
r-oldrel-windows-x86_64 0.6-1 8.00 57.00 65.00 OK

Check Details

Version: 0.6-1
Check: Rd files
Result: NOTE checkRd: (-1) moranTest.Rd:37: Lost braces; missing escapes or markup? 37 | {M(theta)=-(log(y_1-y_0)+log(y_2-y_1)+...+log(y_m-y_m-1))} | ^ Flavors: r-devel-linux-x86_64-debian-clang, r-devel-linux-x86_64-debian-gcc, r-devel-linux-x86_64-fedora-clang, r-devel-linux-x86_64-fedora-gcc, r-devel-windows-x86_64, r-patched-linux-x86_64, r-release-linux-x86_64, r-release-macos-arm64, r-release-windows-x86_64