CRAN Package Check Results for Package DistributionTest

Last updated on 2023-03-30 21:49:50 CEST.

Flavor Version Tinstall Tcheck Ttotal Status Flags
r-devel-linux-x86_64-debian-clang 1.1 2.63 33.07 35.70 NOTE
r-devel-linux-x86_64-debian-gcc 1.1 2.77 25.77 28.54 NOTE
r-devel-linux-x86_64-fedora-clang 1.1 46.55 NOTE
r-devel-linux-x86_64-fedora-gcc 1.1 43.98 NOTE
r-devel-windows-x86_64 1.1 16.00 0.00 16.00 NOTE
r-patched-linux-x86_64 1.1 3.30 32.82 36.12 NOTE
r-release-linux-x86_64 1.1 2.77 34.07 36.84 NOTE
r-release-macos-arm64 1.1 17.00 NOTE
r-release-macos-x86_64 1.1 25.00 NOTE
r-release-windows-x86_64 1.1 13.00 63.00 76.00 NOTE
r-oldrel-macos-arm64 1.1 20.00 NOTE
r-oldrel-macos-x86_64 1.1 34.00 NOTE
r-oldrel-windows-ix86+x86_64 1.1 7.00 59.00 66.00 NOTE

Check Details

Version: 1.1
Check: LazyData
Result: NOTE
     'LazyData' is specified without a 'data' directory
Flavors: r-devel-linux-x86_64-debian-clang, r-devel-linux-x86_64-debian-gcc, r-devel-linux-x86_64-fedora-clang, r-devel-linux-x86_64-fedora-gcc, r-devel-windows-x86_64, r-patched-linux-x86_64, r-release-linux-x86_64, r-release-macos-arm64, r-release-macos-x86_64, r-release-windows-x86_64, r-oldrel-macos-arm64, r-oldrel-macos-x86_64, r-oldrel-windows-ix86+x86_64