Last updated on 2025-11-19 12:50:51 CET.
| Flavor | Version | Tinstall | Tcheck | Ttotal | Status | Flags |
|---|---|---|---|---|---|---|
| r-devel-linux-x86_64-debian-clang | 1.2.6 | 9.20 | 67.96 | 77.16 | NOTE | |
| r-devel-linux-x86_64-debian-gcc | 1.2.6 | 6.02 | 49.12 | 55.14 | NOTE | |
| r-devel-linux-x86_64-fedora-clang | 1.2.6 | 18.00 | 102.11 | 120.11 | OK | |
| r-devel-linux-x86_64-fedora-gcc | 1.2.6 | 36.00 | 82.66 | 118.66 | OK | |
| r-devel-windows-x86_64 | 1.2.6 | 11.00 | 76.00 | 87.00 | OK | |
| r-patched-linux-x86_64 | 1.2.6 | 8.71 | 65.84 | 74.55 | OK | |
| r-release-linux-x86_64 | 1.2.6 | 8.41 | 64.72 | 73.13 | OK | |
| r-release-macos-arm64 | 1.2.6 | OK | ||||
| r-release-macos-x86_64 | 1.2.6 | 6.00 | 46.00 | 52.00 | OK | |
| r-release-windows-x86_64 | 1.2.6 | 12.00 | 76.00 | 88.00 | OK | |
| r-oldrel-macos-arm64 | 1.2.6 | NOTE | ||||
| r-oldrel-macos-x86_64 | 1.2.6 | 5.00 | 39.00 | 44.00 | NOTE | |
| r-oldrel-windows-x86_64 | 1.2.6 | 13.00 | 94.00 | 107.00 | NOTE |
Version: 1.2.6
Check: CRAN incoming feasibility
Result: NOTE
Maintainer: ‘Florian Lerch <lerch@mathematik.uni-marburg.de>’
No Authors@R field in DESCRIPTION.
Please add one, modifying
Authors@R: c(person(given = "Florian",
family = "Lerch",
role = c("aut", "cre"),
email = "lerch@mathematik.uni-marburg.de"),
person(given = "Jorn",
family = "Lotsch",
role = "aut"),
person(given = "Alfred",
family = "Ultsch",
role = "aut"))
as necessary.
Flavors: r-devel-linux-x86_64-debian-clang, r-devel-linux-x86_64-debian-gcc
Version: 1.2.6
Check: LazyData
Result: NOTE
'LazyData' is specified without a 'data' directory
Flavors: r-oldrel-macos-arm64, r-oldrel-macos-x86_64, r-oldrel-windows-x86_64