CRAN Package Check Results for Package DistributionOptimization

Last updated on 2023-12-06 05:52:51 CET.

Flavor Version Tinstall Tcheck Ttotal Status Flags
r-devel-linux-x86_64-debian-clang 1.2.6 7.67 60.17 67.84 NOTE
r-devel-linux-x86_64-debian-gcc 1.2.6 5.52 45.55 51.07 NOTE
r-devel-linux-x86_64-fedora-clang 1.2.6 82.08 NOTE
r-devel-linux-x86_64-fedora-gcc 1.2.6 78.97 NOTE
r-devel-windows-x86_64 1.2.6 8.00 66.00 74.00 NOTE
r-patched-linux-x86_64 1.2.6 4.65 56.64 61.29 NOTE
r-release-linux-x86_64 1.2.6 4.56 56.75 61.31 NOTE
r-release-macos-arm64 1.2.6 29.00 NOTE
r-release-macos-x86_64 1.2.6 43.00 NOTE
r-release-windows-x86_64 1.2.6 9.00 70.00 79.00 NOTE
r-oldrel-macos-arm64 1.2.6 29.00 NOTE
r-oldrel-macos-x86_64 1.2.6 64.00 NOTE
r-oldrel-windows-x86_64 1.2.6 10.00 78.00 88.00 NOTE

Check Details

Version: 1.2.6
Check: LazyData
Result: NOTE 'LazyData' is specified without a 'data' directory Flavors: r-devel-linux-x86_64-debian-clang, r-devel-linux-x86_64-debian-gcc, r-devel-linux-x86_64-fedora-clang, r-devel-linux-x86_64-fedora-gcc, r-devel-windows-x86_64, r-patched-linux-x86_64, r-release-linux-x86_64, r-release-macos-arm64, r-release-macos-x86_64, r-release-windows-x86_64, r-oldrel-macos-arm64, r-oldrel-macos-x86_64, r-oldrel-windows-x86_64