CRAN Package Check Results for Package DiscreteQvalue

Last updated on 2022-10-06 21:49:51 CEST.

Flavor Version Tinstall Tcheck Ttotal Status Flags
r-devel-linux-x86_64-debian-clang 1.1 1.99 22.80 24.79 NOTE
r-devel-linux-x86_64-debian-gcc 1.1 1.80 18.05 19.85 NOTE
r-devel-linux-x86_64-fedora-clang 1.1 43.27 NOTE
r-devel-linux-x86_64-fedora-gcc 1.1 40.53 NOTE
r-devel-windows-x86_64 1.1 11.00 49.00 60.00 NOTE
r-patched-linux-x86_64 1.1 2.11 21.67 23.78 NOTE
r-release-linux-x86_64 1.1 2.02 21.52 23.54 NOTE
r-release-macos-arm64 1.1 14.00 NOTE
r-release-macos-x86_64 1.1 20.00 NOTE
r-release-windows-x86_64 1.1 26.00 46.00 72.00 NOTE
r-oldrel-macos-arm64 1.1 18.00 NOTE
r-oldrel-macos-x86_64 1.1 26.00 NOTE
r-oldrel-windows-ix86+x86_64 1.1 5.00 44.00 49.00 NOTE

Check Details

Version: 1.1
Check: LazyData
Result: NOTE
     'LazyData' is specified without a 'data' directory
Flavors: r-devel-linux-x86_64-debian-clang, r-devel-linux-x86_64-debian-gcc, r-devel-linux-x86_64-fedora-clang, r-devel-linux-x86_64-fedora-gcc, r-devel-windows-x86_64, r-patched-linux-x86_64, r-release-linux-x86_64, r-release-macos-arm64, r-release-macos-x86_64, r-release-windows-x86_64, r-oldrel-macos-arm64, r-oldrel-macos-x86_64, r-oldrel-windows-ix86+x86_64